{"id":963,"date":"2017-03-29T14:09:22","date_gmt":"2017-03-29T12:09:22","guid":{"rendered":"http:\/\/ebcd.es\/?page_id=963"},"modified":"2017-10-25T20:09:30","modified_gmt":"2017-10-25T18:09:30","slug":"prensa-press","status":"publish","type":"page","link":"https:\/\/ebcd.es\/?page_id=963","title":{"rendered":"El vac\u00edo lleno \/ El buit ple"},"content":{"rendered":"<p><span style=\"text-decoration: underline;\"><strong>\u00abEl vac\u00edo lleno \/ El buit ple\u00bb \/ <em>\u00abThe empty full\u00bb<\/em><\/strong><\/span><\/p>\n<div id=\"attachment_964\" style=\"width: 249px\" class=\"wp-caption alignnone\"><a href=\"http:\/\/ebcd.es\/wp-content\/uploads\/2017\/03\/17505177_10212500299800287_3996801160363601478_o.jpg\"><img loading=\"lazy\" decoding=\"async\" aria-describedby=\"caption-attachment-964\" class=\"size-large wp-image-964\" title=\"17505177_10212500299800287_3996801160363601478_o\" src=\"http:\/\/ebcd.es\/wp-content\/uploads\/2017\/03\/17505177_10212500299800287_3996801160363601478_o-239x1024.jpg\" alt=\"&quot;El vac\u00edo lleno \/ El buit ple&quot; - La belleza de lo opuesto\" width=\"239\" height=\"1024\" srcset=\"https:\/\/ebcd.es\/wp-content\/uploads\/2017\/03\/17505177_10212500299800287_3996801160363601478_o-239x1024.jpg 239w, https:\/\/ebcd.es\/wp-content\/uploads\/2017\/03\/17505177_10212500299800287_3996801160363601478_o-70x300.jpg 70w\" sizes=\"(max-width: 239px) 100vw, 239px\" \/><\/a><p id=\"caption-attachment-964\" class=\"wp-caption-text\">Rese\u00f1a de Jos\u00e9 Vicente Peir\u00f3 en el diario Las Provincias, 25 marzo 2017.<\/p><\/div>\n<h1 data-noticia-slug=\"\/el-buit-ple-una-reflexion-de-los-talleres-de-eva-bertomeu-sobre-el-movimiento-y-la-improvisacion\">&#8216;El buit ple&#8217;, una reflexi\u00f3n de los talleres de Eva Bertomeu sobre el movimiento y la improvisaci\u00f3n. (Valencia plaza)<\/h1>\n<p><a title=\"El vac\u00edo lleno. Rese\u00f1a Culturplaza.\" href=\"http:\/\/valenciaplaza.com\/el-buit-ple-una-reflexion-de-los-talleres-de-eva-bertomeu-sobre-el-movimiento-y-la-improvisacion\">http:\/\/valenciaplaza.com\/el-buit-ple-una-reflexion-de-los-talleres-de-eva-bertomeu-sobre-el-movimiento-y-la-improvisacion<\/a><\/p>\n<p><strong><span style=\"color: #000000;\">\u00abEl buit ple\u00bb de la compa\u00f1\u00eda Eva Bertomeu, llega al Rialto. (El Diario.es)<\/span><\/strong><\/p>\n<p><a title=\"&quot;El buit ple&quot;, de la compa\u00f1\u00eda Eva Bertomeu, llega al Rialto\" href=\"http:\/\/www.eldiario.es\/cv\/compania-Eva-Bertomeu-llega-Rialto_0_625038303.html\" target=\"_blank\" rel=\"noopener noreferrer\">http:\/\/www.eldiario.es\/cv\/compania-Eva-Bertomeu-llega-Rialto_0_625038303.html<\/a><\/p>\n<h1 data-noticia-slug=\"\/eva-bertomeu-lidera-un-proyecto-piloto-de-danza-para-amateurs-en-la-misericordia\">Eva Bertomeu lidera un proyecto piloto de danza para amateurs en la Misericordia (Valencia plaza)<\/h1>\n<p><a title=\"Eva Bertomeu lidera un proyecto piloto de danza para amateurs en la Misericordia\" href=\"http:\/\/valenciaplaza.com\/eva-bertomeu-lidera-un-proyecto-piloto-de-danza-para-amateurs-en-la-misericordia\" target=\"_blank\" rel=\"noopener noreferrer\">http:\/\/valenciaplaza.com\/eva-bertomeu-lidera-un-proyecto-piloto-de-danza-para-amateurs-en-la-misericordia<\/a><\/p>\n<h1>\u201cPuedes tener un Picasso o un John Lennon en clase, pero no es importante para el sistema educativo\u201d (La Vanguardia)<\/h1>\n<p><a title=\"\u201cPuedes tener un Picasso o un John Lennon en clase, pero no es importante para el sistema educativo\u201d\" href=\"http:\/\/www.lavanguardia.com\/local\/valencia\/20170202\/413910972457\/residencia-artistica-danza-ies-misericordia-valencia-eva-bertomeu.html\" target=\"_blank\" rel=\"noopener noreferrer\">http:\/\/www.lavanguardia.com\/local\/valencia\/20170202\/413910972457\/residencia-artistica-danza-ies-misericordia-valencia-eva-bertomeu.html<\/a><\/p>\n<p>&nbsp;<\/p>\n","protected":false},"excerpt":{"rendered":"<p>\u00abEl vac\u00edo lleno \/ El buit ple\u00bb \/ \u00abThe empty full\u00bb &#8216;El buit ple&#8217;, una reflexi\u00f3n de los talleres de Eva Bertomeu sobre el movimiento y la improvisaci\u00f3n. (Valencia plaza) http:\/\/valenciaplaza.com\/el-buit-ple-una-reflexion-de-los-talleres-de-eva-bertomeu-sobre-el-movimiento-y-la-improvisacion \u00abEl buit ple\u00bb de la compa\u00f1\u00eda Eva Bertomeu, llega &hellip; <a href=\"https:\/\/ebcd.es\/?page_id=963\">Sigue leyendo <span class=\"meta-nav\">&rarr;<\/span><\/a><\/p>\n","protected":false},"author":2,"featured_media":0,"parent":1096,"menu_order":0,"comment_status":"open","ping_status":"open","template":"","meta":{"footnotes":""},"_links":{"self":[{"href":"https:\/\/ebcd.es\/index.php?rest_route=\/wp\/v2\/pages\/963"}],"collection":[{"href":"https:\/\/ebcd.es\/index.php?rest_route=\/wp\/v2\/pages"}],"about":[{"href":"https:\/\/ebcd.es\/index.php?rest_route=\/wp\/v2\/types\/page"}],"author":[{"embeddable":true,"href":"https:\/\/ebcd.es\/index.php?rest_route=\/wp\/v2\/users\/2"}],"replies":[{"embeddable":true,"href":"https:\/\/ebcd.es\/index.php?rest_route=%2Fwp%2Fv2%2Fcomments&post=963"}],"version-history":[{"count":5,"href":"https:\/\/ebcd.es\/index.php?rest_route=\/wp\/v2\/pages\/963\/revisions"}],"predecessor-version":[{"id":1102,"href":"https:\/\/ebcd.es\/index.php?rest_route=\/wp\/v2\/pages\/963\/revisions\/1102"}],"up":[{"embeddable":true,"href":"https:\/\/ebcd.es\/index.php?rest_route=\/wp\/v2\/pages\/1096"}],"wp:attachment":[{"href":"https:\/\/ebcd.es\/index.php?rest_route=%2Fwp%2Fv2%2Fmedia&parent=963"}],"curies":[{"name":"wp","href":"https:\/\/api.w.org\/{rel}","templated":true}]}}

El vacío lleno / El buit ple

<p><span style="text-decoration: underline;"><strong>«El vacío lleno / El buit ple» / <em>«The empty full»</em></strong></span></p>
<div id="attachment_964" style="width: 249px" class="wp-caption alignnone"><a href="http://ebcd.es/wp-content/uploads/2017/03/17505177_10212500299800287_3996801160363601478_o.jpg"><img loading="lazy" decoding="async" aria-describedby="caption-attachment-964" class="size-large wp-image-964" title="17505177_10212500299800287_3996801160363601478_o" src="http://ebcd.es/wp-content/uploads/2017/03/17505177_10212500299800287_3996801160363601478_o-239x1024.jpg" alt="&quot;El vacío lleno / El buit ple&quot; - La belleza de lo opuesto" width="239" height="1024" srcset="https://ebcd.es/wp-content/uploads/2017/03/17505177_10212500299800287_3996801160363601478_o-239x1024.jpg 239w, https://ebcd.es/wp-content/uploads/2017/03/17505177_10212500299800287_3996801160363601478_o-70x300.jpg 70w" sizes="(max-width: 239px) 100vw, 239px" /></a><p id="caption-attachment-964" class="wp-caption-text">Reseña de José Vicente Peiró en el diario Las Provincias, 25 marzo 2017.</p></div>
<h1 data-noticia-slug="/el-buit-ple-una-reflexion-de-los-talleres-de-eva-bertomeu-sobre-el-movimiento-y-la-improvisacion">&#8216;El buit ple&#8217;, una reflexión de los talleres de Eva Bertomeu sobre el movimiento y la improvisación. (Valencia plaza)</h1>
<p><a title="El vacío lleno. Reseña Culturplaza." href="http://valenciaplaza.com/el-buit-ple-una-reflexion-de-los-talleres-de-eva-bertomeu-sobre-el-movimiento-y-la-improvisacion">http://valenciaplaza.com/el-buit-ple-una-reflexion-de-los-talleres-de-eva-bertomeu-sobre-el-movimiento-y-la-improvisacion</a></p>
<p><strong><span style="color: #000000;">«El buit ple» de la compañía Eva Bertomeu, llega al Rialto. (El Diario.es)</span></strong></p>
<p><a title="&quot;El buit ple&quot;, de la compañía Eva Bertomeu, llega al Rialto" href="http://www.eldiario.es/cv/compania-Eva-Bertomeu-llega-Rialto_0_625038303.html" target="_blank" rel="noopener noreferrer">http://www.eldiario.es/cv/compania-Eva-Bertomeu-llega-Rialto_0_625038303.html</a></p>
<h1 data-noticia-slug="/eva-bertomeu-lidera-un-proyecto-piloto-de-danza-para-amateurs-en-la-misericordia">Eva Bertomeu lidera un proyecto piloto de danza para amateurs en la Misericordia (Valencia plaza)</h1>
<p><a title="Eva Bertomeu lidera un proyecto piloto de danza para amateurs en la Misericordia" href="http://valenciaplaza.com/eva-bertomeu-lidera-un-proyecto-piloto-de-danza-para-amateurs-en-la-misericordia" target="_blank" rel="noopener noreferrer">http://valenciaplaza.com/eva-bertomeu-lidera-un-proyecto-piloto-de-danza-para-amateurs-en-la-misericordia</a></p>
<h1>“Puedes tener un Picasso o un John Lennon en clase, pero no es importante para el sistema educativo” (La Vanguardia)</h1>
<p><a title="“Puedes tener un Picasso o un John Lennon en clase, pero no es importante para el sistema educativo”" href="http://www.lavanguardia.com/local/valencia/20170202/413910972457/residencia-artistica-danza-ies-misericordia-valencia-eva-bertomeu.html" target="_blank" rel="noopener noreferrer">http://www.lavanguardia.com/local/valencia/20170202/413910972457/residencia-artistica-danza-ies-misericordia-valencia-eva-bertomeu.html</a></p>
<p>&nbsp;</p>

<p>«El vacío lleno / El buit ple» / «The empty full» &#8216;El buit ple&#8217;, una reflexión de los talleres de Eva Bertomeu sobre el movimiento y la improvisación. (Valencia plaza) http://valenciaplaza.com/el-buit-ple-una-reflexion-de-los-talleres-de-eva-bertomeu-sobre-el-movimiento-y-la-improvisacion «El buit ple» de la compañía Eva Bertomeu, llega &hellip; <a href="https://ebcd.es/?page_id=963">Sigue leyendo <span class="meta-nav">&rarr;</span></a></p>
