{"id":467,"date":"2014-03-27T23:00:57","date_gmt":"2014-03-27T22:00:57","guid":{"rendered":"http:\/\/ebcd.es\/?page_id=467"},"modified":"2024-08-16T14:58:49","modified_gmt":"2024-08-16T12:58:49","slug":"eb-cia-de-danza","status":"publish","type":"page","link":"https:\/\/ebcd.es\/?page_id=467","title":{"rendered":"EBC Danza"},"content":{"rendered":"\n<p>Eva Bertomeu Compa\u00f1\u00eda de Danza o EBC Danza es el nombre con el que firmo las creaciones esc\u00e9nicas, las producciones y los proyectos que desarrollo.<\/p>\n\n\n\n<p>Cuando comenc\u00e9 a crear obras de danza me presentaba como \u00abDe t\u00fa a ti\u00bb, no s\u00e9 si quedar\u00e1n registros de estos acontecimientos antiguos. Present\u00e9 una pieza peque\u00f1a en la fiesta de inauguraci\u00f3n del festival Dansa Valencia 2000 y otra pieza corta, \u00abLa novia\u00bb, que llevamos a un festival en Ginosa, Italia.<\/p>\n\n\n\n<p>Poco despu\u00e9s nos juntamos Yolanda Pe\u00f1a, Cristina Cabo y yo y a partir de un d\u00fao de Cristina y m\u00edo desarrollamos \u00abS\u00e9 de un lugar&#8230;\u00bb, bailamos en \u00abEl casinet\u00bb del Cabanyal, en las jornadas que organizaba L&#8217;obert dansa en la facultad de Geograf\u00eda e Historia y tambi\u00e9n participamos en el Certamen Coreogr\u00e1fico de Madrid con un boceto de \u00abS\u00e9 de un lugar\u00bb; para la ocasi\u00f3n, como sent\u00edamos que merec\u00edamos llamarnos de alg\u00fan modo original, nos bautizamos como BOJNAMI Danza, que no tiene ning\u00fan sentido ni se parec\u00eda al nombre de nadie, pero as\u00ed nos distingu\u00edamos de los dem\u00e1s y nos sent\u00edamos como si fu\u00e9ramos una aut\u00e9ntica compa\u00f1\u00eda de danza. Quedamos finalistas del prestigioso certamen; curiosamente creo que fue la primera y \u00fanica vez en la que el primer premio qued\u00f3 desierto, Fernando Hurtado obtuvo el segundo premio y Ana Beatriz P\u00e9rez y Armando Mart\u00e9n el tercer premio. Fue muy emocionante, me regalaron los o\u00eddos con felicitaciones y an\u00e9cdotas secretas que no puedo contar, pero a\u00fan mejor\u00f3 m\u00e1s cuando el Centro Coreogr\u00e1fico de la Generalitat Valenciana, cuya directora Inmaculada Gil L\u00e1zaro nos hab\u00eda visto en la sala Fernando de Rojas del C\u00edrculo de Bellas Artes de Madrid, nos inform\u00f3 que me otorgaba una residencia para abordar mi primera creaci\u00f3n coreogr\u00e1fica de gran formato, \u00abDe todo lo que me habita\u00bb (2002), pieza que estren\u00e9 en el festival A l&#8217;estiu dansa de Burjassot en el parque de la granja y que tambi\u00e9n fue seleccionada en la siguiente edici\u00f3n del certamen de Madrid, la XVI (16 en n\u00fameros romanos).<\/p>\n\n\n\n<p>A partir de aquel momento todo se sucedi\u00f3 con rapidez. Llegaron \u00abSentando espero\u00bb, \u00abFemme (mujer en 3 colores)\u00bb, \u00abBabel\u00bb y \u00abUn gramo de locura\u00bb, coproducci\u00f3n realizada junto a Fernando Hurtado y que bailamos una \u00abjart\u00e1\u00bb, como dicen en andaluz. Y fue \u00e9sta la \u00faltima obra con la que me desped\u00ed de \u00abbojnami\u00bb (siempre escrito en min\u00fasculas y con futura negrita) y me convert\u00ed en m\u00ed misma, Eva Bertomeu Danza, Eva Bertomeu C\u00eda. de Danza o EBC Danza.<\/p>\n\n\n\n<p>En fin aqu\u00ed ten\u00e9is m\u00e1s cosas sobre mi trayectoria: <a href=\"http:\/\/ebcd.es\/?page_id=1952\" data-type=\"link\" data-id=\"http:\/\/ebcd.es\/?page_id=1952\">http:\/\/ebcd.es\/?page_id=1952<\/a><\/p>\n\n\n\n<p>Soy Eva Bertomeu y hago danza.<\/p>\n\n\n\n<p><\/p>\n","protected":false},"excerpt":{"rendered":"<p>Eva Bertomeu Compa\u00f1\u00eda de Danza o EBC Danza es el nombre con el que firmo las creaciones esc\u00e9nicas, las producciones y los proyectos que desarrollo. Cuando comenc\u00e9 a crear obras de danza me presentaba como \u00abDe t\u00fa a ti\u00bb, no &hellip; <a href=\"https:\/\/ebcd.es\/?page_id=467\">Sigue leyendo <span class=\"meta-nav\">&rarr;<\/span><\/a><\/p>\n","protected":false},"author":2,"featured_media":0,"parent":0,"menu_order":0,"comment_status":"closed","ping_status":"open","template":"","meta":{"footnotes":""},"_links":{"self":[{"href":"https:\/\/ebcd.es\/index.php?rest_route=\/wp\/v2\/pages\/467"}],"collection":[{"href":"https:\/\/ebcd.es\/index.php?rest_route=\/wp\/v2\/pages"}],"about":[{"href":"https:\/\/ebcd.es\/index.php?rest_route=\/wp\/v2\/types\/page"}],"author":[{"embeddable":true,"href":"https:\/\/ebcd.es\/index.php?rest_route=\/wp\/v2\/users\/2"}],"replies":[{"embeddable":true,"href":"https:\/\/ebcd.es\/index.php?rest_route=%2Fwp%2Fv2%2Fcomments&post=467"}],"version-history":[{"count":42,"href":"https:\/\/ebcd.es\/index.php?rest_route=\/wp\/v2\/pages\/467\/revisions"}],"predecessor-version":[{"id":2584,"href":"https:\/\/ebcd.es\/index.php?rest_route=\/wp\/v2\/pages\/467\/revisions\/2584"}],"wp:attachment":[{"href":"https:\/\/ebcd.es\/index.php?rest_route=%2Fwp%2Fv2%2Fmedia&parent=467"}],"curies":[{"name":"wp","href":"https:\/\/api.w.org\/{rel}","templated":true}]}}

<p>Eva Bertomeu Compañía de Danza o EBC Danza es el nombre con el que firmo las creaciones escénicas, las producciones y los proyectos que desarrollo.</p>



<p>Cuando comencé a crear obras de danza me presentaba como «De tú a ti», no sé si quedarán registros de estos acontecimientos antiguos. Presenté una pieza pequeña en la fiesta de inauguración del festival Dansa Valencia 2000 y otra pieza corta, «La novia», que llevamos a un festival en Ginosa, Italia.</p>



<p>Poco después nos juntamos Yolanda Peña, Cristina Cabo y yo y a partir de un dúo de Cristina y mío desarrollamos «Sé de un lugar&#8230;», bailamos en «El casinet» del Cabanyal, en las jornadas que organizaba L&#8217;obert dansa en la facultad de Geografía e Historia y también participamos en el Certamen Coreográfico de Madrid con un boceto de «Sé de un lugar»; para la ocasión, como sentíamos que merecíamos llamarnos de algún modo original, nos bautizamos como BOJNAMI Danza, que no tiene ningún sentido ni se parecía al nombre de nadie, pero así nos distinguíamos de los demás y nos sentíamos como si fuéramos una auténtica compañía de danza. Quedamos finalistas del prestigioso certamen; curiosamente creo que fue la primera y única vez en la que el primer premio quedó desierto, Fernando Hurtado obtuvo el segundo premio y Ana Beatriz Pérez y Armando Martén el tercer premio. Fue muy emocionante, me regalaron los oídos con felicitaciones y anécdotas secretas que no puedo contar, pero aún mejoró más cuando el Centro Coreográfico de la Generalitat Valenciana, cuya directora Inmaculada Gil Lázaro nos había visto en la sala Fernando de Rojas del Círculo de Bellas Artes de Madrid, nos informó que me otorgaba una residencia para abordar mi primera creación coreográfica de gran formato, «De todo lo que me habita» (2002), pieza que estrené en el festival A l&#8217;estiu dansa de Burjassot en el parque de la granja y que también fue seleccionada en la siguiente edición del certamen de Madrid, la XVI (16 en números romanos).</p>



<p>A partir de aquel momento todo se sucedió con rapidez. Llegaron «Sentando espero», «Femme (mujer en 3 colores)», «Babel» y «Un gramo de locura», coproducción realizada junto a Fernando Hurtado y que bailamos una «jartá», como dicen en andaluz. Y fue ésta la última obra con la que me despedí de «bojnami» (siempre escrito en minúsculas y con futura negrita) y me convertí en mí misma, Eva Bertomeu Danza, Eva Bertomeu Cía. de Danza o EBC Danza.</p>



<p>En fin aquí tenéis más cosas sobre mi trayectoria: <a href="http://ebcd.es/?page_id=1952" data-type="link" data-id="http://ebcd.es/?page_id=1952">http://ebcd.es/?page_id=1952</a></p>



<p>Soy Eva Bertomeu y hago danza.</p>



<p></p>

<p>Eva Bertomeu Compañía de Danza o EBC Danza es el nombre con el que firmo las creaciones escénicas, las producciones y los proyectos que desarrollo. Cuando comencé a crear obras de danza me presentaba como «De tú a ti», no &hellip; <a href="https://ebcd.es/?page_id=467">Sigue leyendo <span class="meta-nav">&rarr;</span></a></p>
