{"id":2488,"date":"2024-03-13T17:48:07","date_gmt":"2024-03-13T16:48:07","guid":{"rendered":"http:\/\/ebcd.es\/?page_id=2488"},"modified":"2024-03-13T19:57:26","modified_gmt":"2024-03-13T18:57:26","slug":"ebc-danza-valencia","status":"publish","type":"page","link":"https:\/\/ebcd.es\/?page_id=2488","title":{"rendered":"EBC DANZA &#8211; VALENCI\u00c0"},"content":{"rendered":"\n<p>Eva Bertomeu Compa\u00f1\u00eda de Dansa o EBC Dansa \u00e9s el nom amb el qual firme les creacions esc\u00e8niques, les produccions i els projectes que desenvolupe.<\/p>\n\n\n\n<p>Quan vaig comen\u00e7ar a crear peces coreogr\u00e0fiques em presentava com \u00abDe tu a tu\u00bb, no s\u00e9 si quedaran registres d&#8217;estos esdeveniments antics. Vaig presentar una pe\u00e7a xicoteta en la festa d&#8217;inauguraci\u00f3 de Dansa Val\u00e8ncia en el 2000 i una altra pe\u00e7a curta \u00abLa n\u00favia\u00bb que portem a un festival a It\u00e0lia.<\/p>\n\n\n\n<p>Poc despr\u00e9s ens ajuntem Yolanda Pe\u00f1a, Cristina Cabo i jo i a partir d&#8217;un duo de Cristina i meu desenvolupem \u00abS\u00e9 de un lugar\u2026\u00bb, ballem en \u00abEl casinet\u00bb del Cabanyal, en les jornades que organitzava L\u2019obert dansa en la facultat de Geografia i Hist\u00f2ria i tamb\u00e9 participem en el Certamen Coreogr\u00e0fic de Madrid amb un esb\u00f3s de \u00abS\u00e9 de un lugar&#8230;\u00bb; per a l&#8217;ocasi\u00f3, com sent\u00edem que mereix\u00edem cridar-nos d&#8217;algun mode original, ens bategem com BOJNAMI Dansa, que no t\u00e9 cap sentit ni s&#8217;assemblava al nom de ning\u00fa, per\u00f2 aix\u00ed ens disting\u00edem dels altres i ens sent\u00edem com si f\u00f3rem una aut\u00e8ntica companyia de dansa. Quedem finalistes del prestigi\u00f3s certamen; curiosament crec que va ser la primera i \u00fanica vegada en la qual el primer premi va quedar desert, Fernando Hurtado va obtindre el segon premi i Ana Beatriz P\u00e9rez i Armando Mart\u00e9n el tercer premi. Va ser molt emocionant, em van regalar les o\u00efdes amb felicitacions i an\u00e8cdotes secretes que no puc contar, per\u00f2 encara va millorar m\u00e9s quan el Centre Coreogr\u00e0fic de la Generalitat Valenciana, la directora de la qual Inmaculada Gil L\u00e1zaro ens havia vist a la sala Fernando de Rojas del Cercle de Belles arts de Madrid, ens va informar que m&#8217;atorgava una resid\u00e8ncia per a abordar la meua primera creaci\u00f3 coreogr\u00e0fica de gran format, \u00abDe todo lo que me habita\u00bb (2002), pe\u00e7a que vaig estrenar en el festival A l\u2019estiu dansa de Burjassot al parc de la granja i que tamb\u00e9 va ser seleccionada en la seg\u00fcent edici\u00f3 del certamen de Madrid, la XVI (16 en n\u00fameros romans).<\/p>\n\n\n\n<p>A partir d&#8217;aquell moment tot es va succeir amb rapidesa. Van arribar \u00abSentando espero\u00bb, \u00abFemme (mujer en 3 colores)\u00bb, \u00abBabel\u00bb i \u00abUn gramo de locura\u00bb, coproducci\u00f3 realitzada al costat de Fernando Hurtado i que ballem una \u00abjart\u00e1\u00bb, com diuen en andal\u00fas. I va ser esta l&#8217;\u00faltima obra amb la qual em vaig acomiadar de \u00abbojnami\u00bb (sempre escrit en min\u00fascules i amb futura negreta) i em vaig convertir en mi mateixa, Eva Bertomeu Danza, Eva Bertomeu C\u00eda. de Danza o EBC Danza.<\/p>\n\n\n\n<p>En fi ac\u00ed teniu m\u00e9s coses sobre la meua traject\u00f2ria: <\/p>\n\n\n\n<p>Soc Eva Bertomeu i faig dansa.<\/p>\n","protected":false},"excerpt":{"rendered":"<p>Eva Bertomeu Compa\u00f1\u00eda de Dansa o EBC Dansa \u00e9s el nom amb el qual firme les creacions esc\u00e8niques, les produccions i els projectes que desenvolupe. Quan vaig comen\u00e7ar a crear peces coreogr\u00e0fiques em presentava com \u00abDe tu a tu\u00bb, no &hellip; <a href=\"https:\/\/ebcd.es\/?page_id=2488\">Sigue leyendo <span class=\"meta-nav\">&rarr;<\/span><\/a><\/p>\n","protected":false},"author":2,"featured_media":0,"parent":0,"menu_order":0,"comment_status":"closed","ping_status":"closed","template":"","meta":{"footnotes":""},"_links":{"self":[{"href":"https:\/\/ebcd.es\/index.php?rest_route=\/wp\/v2\/pages\/2488"}],"collection":[{"href":"https:\/\/ebcd.es\/index.php?rest_route=\/wp\/v2\/pages"}],"about":[{"href":"https:\/\/ebcd.es\/index.php?rest_route=\/wp\/v2\/types\/page"}],"author":[{"embeddable":true,"href":"https:\/\/ebcd.es\/index.php?rest_route=\/wp\/v2\/users\/2"}],"replies":[{"embeddable":true,"href":"https:\/\/ebcd.es\/index.php?rest_route=%2Fwp%2Fv2%2Fcomments&post=2488"}],"version-history":[{"count":5,"href":"https:\/\/ebcd.es\/index.php?rest_route=\/wp\/v2\/pages\/2488\/revisions"}],"predecessor-version":[{"id":2504,"href":"https:\/\/ebcd.es\/index.php?rest_route=\/wp\/v2\/pages\/2488\/revisions\/2504"}],"wp:attachment":[{"href":"https:\/\/ebcd.es\/index.php?rest_route=%2Fwp%2Fv2%2Fmedia&parent=2488"}],"curies":[{"name":"wp","href":"https:\/\/api.w.org\/{rel}","templated":true}]}}

EBC DANZA &#8211; VALENCIÀ

<p>Eva Bertomeu Compañía de Dansa o EBC Dansa és el nom amb el qual firme les creacions escèniques, les produccions i els projectes que desenvolupe.</p>



<p>Quan vaig començar a crear peces coreogràfiques em presentava com «De tu a tu», no sé si quedaran registres d&#8217;estos esdeveniments antics. Vaig presentar una peça xicoteta en la festa d&#8217;inauguració de Dansa València en el 2000 i una altra peça curta «La núvia» que portem a un festival a Itàlia.</p>



<p>Poc després ens ajuntem Yolanda Peña, Cristina Cabo i jo i a partir d&#8217;un duo de Cristina i meu desenvolupem «Sé de un lugar…», ballem en «El casinet» del Cabanyal, en les jornades que organitzava L’obert dansa en la facultat de Geografia i Història i també participem en el Certamen Coreogràfic de Madrid amb un esbós de «Sé de un lugar&#8230;»; per a l&#8217;ocasió, com sentíem que mereixíem cridar-nos d&#8217;algun mode original, ens bategem com BOJNAMI Dansa, que no té cap sentit ni s&#8217;assemblava al nom de ningú, però així ens distingíem dels altres i ens sentíem com si fórem una autèntica companyia de dansa. Quedem finalistes del prestigiós certamen; curiosament crec que va ser la primera i única vegada en la qual el primer premi va quedar desert, Fernando Hurtado va obtindre el segon premi i Ana Beatriz Pérez i Armando Martén el tercer premi. Va ser molt emocionant, em van regalar les oïdes amb felicitacions i anècdotes secretes que no puc contar, però encara va millorar més quan el Centre Coreogràfic de la Generalitat Valenciana, la directora de la qual Inmaculada Gil Lázaro ens havia vist a la sala Fernando de Rojas del Cercle de Belles arts de Madrid, ens va informar que m&#8217;atorgava una residència per a abordar la meua primera creació coreogràfica de gran format, «De todo lo que me habita» (2002), peça que vaig estrenar en el festival A l’estiu dansa de Burjassot al parc de la granja i que també va ser seleccionada en la següent edició del certamen de Madrid, la XVI (16 en números romans).</p>



<p>A partir d&#8217;aquell moment tot es va succeir amb rapidesa. Van arribar «Sentando espero», «Femme (mujer en 3 colores)», «Babel» i «Un gramo de locura», coproducció realitzada al costat de Fernando Hurtado i que ballem una «jartá», com diuen en andalús. I va ser esta l&#8217;última obra amb la qual em vaig acomiadar de «bojnami» (sempre escrit en minúscules i amb futura negreta) i em vaig convertir en mi mateixa, Eva Bertomeu Danza, Eva Bertomeu Cía. de Danza o EBC Danza.</p>



<p>En fi ací teniu més coses sobre la meua trajectòria: </p>



<p>Soc Eva Bertomeu i faig dansa.</p>

<p>Eva Bertomeu Compañía de Dansa o EBC Dansa és el nom amb el qual firme les creacions escèniques, les produccions i els projectes que desenvolupe. Quan vaig començar a crear peces coreogràfiques em presentava com «De tu a tu», no &hellip; <a href="https://ebcd.es/?page_id=2488">Sigue leyendo <span class="meta-nav">&rarr;</span></a></p>
