{"id":2430,"date":"2023-12-11T18:13:41","date_gmt":"2023-12-11T17:13:41","guid":{"rendered":"http:\/\/ebcd.es\/?page_id=2430"},"modified":"2023-12-11T18:13:41","modified_gmt":"2023-12-11T17:13:41","slug":"colps","status":"publish","type":"page","link":"https:\/\/ebcd.es\/?page_id=2430","title":{"rendered":"COLPS"},"content":{"rendered":"\n<h1 class=\"wp-block-heading\">\u00abCOLPS\u00bb Exposici\u00f3n escult\u00f3rica de CRISTIAN GIL<\/h1>\n\n\n\n<ul>\n<li>Interacci\u00f3n de danza de EVA BERTOMEU e instalaci\u00f3n de esculturas de CRISTIAN GIL<\/li>\n\n\n\n<li>DEL 16 AL 27 DE NOVIEMBRE 2020<\/li>\n\n\n\n<li>INSTITUTO MUNICIPAL DE CULTURA DE MELIANA, VALENCIA<\/li>\n<\/ul>\n\n\n\n<p><strong>V\u00eddeodansa \u00abColps\u00bb<\/strong><\/p>\n\n\n\n<figure class=\"wp-block-embed is-type-video is-provider-youtube wp-block-embed-youtube wp-embed-aspect-16-9 wp-has-aspect-ratio\"><div class=\"wp-block-embed__wrapper\">\n<iframe loading=\"lazy\" title=\"Coreografia d&#039;Eva Bertomeu sobre les obres de l&#039;exposici\u00f3 COLPS de Cristian Gil al IMC de Meliana\" width=\"584\" height=\"329\" src=\"https:\/\/www.youtube.com\/embed\/GJ97cnQ6KpI?feature=oembed\" frameborder=\"0\" allow=\"accelerometer; autoplay; clipboard-write; encrypted-media; gyroscope; picture-in-picture; web-share\" referrerpolicy=\"strict-origin-when-cross-origin\" allowfullscreen><\/iframe>\n<\/div><\/figure>\n\n\n\n<p><strong>Cristian Gil<\/strong>\u00a0ens presenta l\u2019exposici\u00f3 \u201cColps\u201d que podeu visitar des del 16 fins el 27 de novembre. Ens explica la nova etapa creativa a partir d\u2019un element com les birles, que el trobareu a la planta baixa de la sala d\u2019exposicions de l\u2019IMC elaborats a partir de molts materials diferents: fusta, resina, acer\u2026 Element que ha investigat i treballat a partir del concepte de Resili\u00e8ncia, motor conductor de tota la seua obra i de la seua vida. I ho fa amb una netedat, una convicci\u00f3 i una naturalitat que fa que les seues explicacions siguen tota una lli\u00e7\u00f3 de vida.<\/p>\n\n\n\n<figure class=\"wp-block-embed is-type-video is-provider-youtube wp-block-embed-youtube wp-embed-aspect-16-9 wp-has-aspect-ratio\"><div class=\"wp-block-embed__wrapper\">\n<iframe loading=\"lazy\" title=\"Colps de Cristian Gil, entrevista primera part\" width=\"584\" height=\"329\" src=\"https:\/\/www.youtube.com\/embed\/ZyR0YKgLglI?feature=oembed\" frameborder=\"0\" allow=\"accelerometer; autoplay; clipboard-write; encrypted-media; gyroscope; picture-in-picture; web-share\" referrerpolicy=\"strict-origin-when-cross-origin\" allowfullscreen><\/iframe>\n<\/div><\/figure>\n\n\n\n<p><strong>Eva Bertomeu<\/strong>, EBC Danza \u2013 EVA BERTOMEU CIA. DANZA \u00e9s una ballarina valenciana de llarga traject\u00f2ria, professora, core\u00f2grafa i directora de la seua pr\u00f2pia companyia. Una ballarina amb una personalitat art\u00edstica marcada per un rigor\u00f3s treball, de moviment elegant, net i t\u00e8cnicament impecable. A Eva li proposarem que creara una pe\u00e7a coreogr\u00e0fica a partir de l\u2019obra escult\u00f2rica de Cristian Gil, i ac\u00ed en teniu el resultat. No pod\u00edem haver triat millor. Eva ha sabut captar l\u2019esperit del treball de Cristian, amb una magn\u00edfica transici\u00f3 del naixement, al negre i despr\u00e9s al blanc, del dolor a l\u2019esperan\u00e7a i a la vida. Una magn\u00edfica fusi\u00f3 de dos arts, l\u2019escultura i la dansa. Estes propostes que ens agrada mostrar-vos i que les pogueu vivenciar. Aquest treball s\u2019haguera mostrat en l\u2019acte d\u2019inauguraci\u00f3, que no hem pogut celebrar per la situaci\u00f3 sanit\u00e0ria en que ens trobem, per\u00f2 que teniu projectat en la sala d\u2019exposicions, com a pe\u00e7a art\u00edstica i creativa que \u00e9s. No deixeu de disfrutar-la.<\/p>\n\n\n\n<figure class=\"wp-block-embed is-type-video is-provider-youtube wp-block-embed-youtube wp-embed-aspect-16-9 wp-has-aspect-ratio\"><div class=\"wp-block-embed__wrapper\">\n<iframe loading=\"lazy\" title=\"Colps de Cristian Gil, entrevista segona part\" width=\"584\" height=\"329\" src=\"https:\/\/www.youtube.com\/embed\/Envc1MojB24?feature=oembed\" frameborder=\"0\" allow=\"accelerometer; autoplay; clipboard-write; encrypted-media; gyroscope; picture-in-picture; web-share\" referrerpolicy=\"strict-origin-when-cross-origin\" allowfullscreen><\/iframe>\n<\/div><\/figure>\n\n\n\n<p>M\u00e9s informaci\u00f3 a&nbsp;<a href=\"https:\/\/www.imcmeliana.com\/?fbclid=IwAR031xmnpYIu7iM9PI8x5nL2tqLXklB-RrldwZwfnmPgdZ201tqVu5NZzgM\" target=\"_blank\" rel=\"noreferrer noopener\">https:\/\/www.imcmeliana.com<\/a><\/p>\n\n\n\n<p><a href=\"https:\/\/www.facebook.com\/hashtag\/culturasegura?__eep__=6&amp;__cft__[0]=AZXhP4hhZFJGzJqhMo_4I-RDYUdlSUowcH0EhzOvrwS9gOnxAdr4iq24_qZ3utChBDyDZD66Fzo6rAxzuscHvMnUpmpa5ZN_xcKk7v5PSQCw0gZFq3JTIZfT3zP0FeLdi3MmW3KLUVAknUb2nU5RpDw1pI3K9qdM5sQmPfupbY9uzD-ZYccGVeU7OxCQAsD6HFYGjJHd-HQ4jP6dwqysM370W9AKXPh1r04c4QMEDkyyC3HgUTlQ3kjBpZvuGTBzmlQUPF2ydAvG5zLfurL0cILM&amp;__tn__=*NK-y-R\">#CulturaSegura<\/a>,&nbsp;<a href=\"https:\/\/www.facebook.com\/hashtag\/culturameliana?__eep__=6&amp;__cft__[0]=AZXhP4hhZFJGzJqhMo_4I-RDYUdlSUowcH0EhzOvrwS9gOnxAdr4iq24_qZ3utChBDyDZD66Fzo6rAxzuscHvMnUpmpa5ZN_xcKk7v5PSQCw0gZFq3JTIZfT3zP0FeLdi3MmW3KLUVAknUb2nU5RpDw1pI3K9qdM5sQmPfupbY9uzD-ZYccGVeU7OxCQAsD6HFYGjJHd-HQ4jP6dwqysM370W9AKXPh1r04c4QMEDkyyC3HgUTlQ3kjBpZvuGTBzmlQUPF2ydAvG5zLfurL0cILM&amp;__tn__=*NK-y-R\">#CulturaMeliana<\/a>,&nbsp;<a href=\"https:\/\/www.facebook.com\/hashtag\/infocultura?__eep__=6&amp;__cft__[0]=AZXhP4hhZFJGzJqhMo_4I-RDYUdlSUowcH0EhzOvrwS9gOnxAdr4iq24_qZ3utChBDyDZD66Fzo6rAxzuscHvMnUpmpa5ZN_xcKk7v5PSQCw0gZFq3JTIZfT3zP0FeLdi3MmW3KLUVAknUb2nU5RpDw1pI3K9qdM5sQmPfupbY9uzD-ZYccGVeU7OxCQAsD6HFYGjJHd-HQ4jP6dwqysM370W9AKXPh1r04c4QMEDkyyC3HgUTlQ3kjBpZvuGTBzmlQUPF2ydAvG5zLfurL0cILM&amp;__tn__=*NK-y-R\">#InfoCultura<\/a>,&nbsp;<a href=\"https:\/\/www.facebook.com\/hashtag\/evabertomeu?__eep__=6&amp;__cft__[0]=AZXhP4hhZFJGzJqhMo_4I-RDYUdlSUowcH0EhzOvrwS9gOnxAdr4iq24_qZ3utChBDyDZD66Fzo6rAxzuscHvMnUpmpa5ZN_xcKk7v5PSQCw0gZFq3JTIZfT3zP0FeLdi3MmW3KLUVAknUb2nU5RpDw1pI3K9qdM5sQmPfupbY9uzD-ZYccGVeU7OxCQAsD6HFYGjJHd-HQ4jP6dwqysM370W9AKXPh1r04c4QMEDkyyC3HgUTlQ3kjBpZvuGTBzmlQUPF2ydAvG5zLfurL0cILM&amp;__tn__=*NK-y-R\">#EvaBertomeu<\/a>,&nbsp;<a href=\"https:\/\/www.facebook.com\/hashtag\/infoimc?__eep__=6&amp;__cft__[0]=AZXhP4hhZFJGzJqhMo_4I-RDYUdlSUowcH0EhzOvrwS9gOnxAdr4iq24_qZ3utChBDyDZD66Fzo6rAxzuscHvMnUpmpa5ZN_xcKk7v5PSQCw0gZFq3JTIZfT3zP0FeLdi3MmW3KLUVAknUb2nU5RpDw1pI3K9qdM5sQmPfupbY9uzD-ZYccGVeU7OxCQAsD6HFYGjJHd-HQ4jP6dwqysM370W9AKXPh1r04c4QMEDkyyC3HgUTlQ3kjBpZvuGTBzmlQUPF2ydAvG5zLfurL0cILM&amp;__tn__=*NK-y-R\">#InfoIMC<\/a>,&nbsp;<a href=\"https:\/\/www.facebook.com\/hashtag\/imcmeliana?__eep__=6&amp;__cft__[0]=AZXhP4hhZFJGzJqhMo_4I-RDYUdlSUowcH0EhzOvrwS9gOnxAdr4iq24_qZ3utChBDyDZD66Fzo6rAxzuscHvMnUpmpa5ZN_xcKk7v5PSQCw0gZFq3JTIZfT3zP0FeLdi3MmW3KLUVAknUb2nU5RpDw1pI3K9qdM5sQmPfupbY9uzD-ZYccGVeU7OxCQAsD6HFYGjJHd-HQ4jP6dwqysM370W9AKXPh1r04c4QMEDkyyC3HgUTlQ3kjBpZvuGTBzmlQUPF2ydAvG5zLfurL0cILM&amp;__tn__=*NK-y-R\">#IMCMeliana<\/a>,&nbsp;<a href=\"https:\/\/www.facebook.com\/hashtag\/exposicio?__eep__=6&amp;__cft__[0]=AZXhP4hhZFJGzJqhMo_4I-RDYUdlSUowcH0EhzOvrwS9gOnxAdr4iq24_qZ3utChBDyDZD66Fzo6rAxzuscHvMnUpmpa5ZN_xcKk7v5PSQCw0gZFq3JTIZfT3zP0FeLdi3MmW3KLUVAknUb2nU5RpDw1pI3K9qdM5sQmPfupbY9uzD-ZYccGVeU7OxCQAsD6HFYGjJHd-HQ4jP6dwqysM370W9AKXPh1r04c4QMEDkyyC3HgUTlQ3kjBpZvuGTBzmlQUPF2ydAvG5zLfurL0cILM&amp;__tn__=*NK-y-R\">#Exposicio<\/a>,&nbsp;<a href=\"https:\/\/www.facebook.com\/hashtag\/expo?__eep__=6&amp;__cft__[0]=AZXhP4hhZFJGzJqhMo_4I-RDYUdlSUowcH0EhzOvrwS9gOnxAdr4iq24_qZ3utChBDyDZD66Fzo6rAxzuscHvMnUpmpa5ZN_xcKk7v5PSQCw0gZFq3JTIZfT3zP0FeLdi3MmW3KLUVAknUb2nU5RpDw1pI3K9qdM5sQmPfupbY9uzD-ZYccGVeU7OxCQAsD6HFYGjJHd-HQ4jP6dwqysM370W9AKXPh1r04c4QMEDkyyC3HgUTlQ3kjBpZvuGTBzmlQUPF2ydAvG5zLfurL0cILM&amp;__tn__=*NK-y-R\">#Expo<\/a>,&nbsp;<a href=\"https:\/\/www.facebook.com\/hashtag\/art?__eep__=6&amp;__cft__[0]=AZXhP4hhZFJGzJqhMo_4I-RDYUdlSUowcH0EhzOvrwS9gOnxAdr4iq24_qZ3utChBDyDZD66Fzo6rAxzuscHvMnUpmpa5ZN_xcKk7v5PSQCw0gZFq3JTIZfT3zP0FeLdi3MmW3KLUVAknUb2nU5RpDw1pI3K9qdM5sQmPfupbY9uzD-ZYccGVeU7OxCQAsD6HFYGjJHd-HQ4jP6dwqysM370W9AKXPh1r04c4QMEDkyyC3HgUTlQ3kjBpZvuGTBzmlQUPF2ydAvG5zLfurL0cILM&amp;__tn__=*NK-y-R\">#Art<\/a>,&nbsp;<a href=\"https:\/\/www.facebook.com\/hashtag\/escultura?__eep__=6&amp;__cft__[0]=AZXhP4hhZFJGzJqhMo_4I-RDYUdlSUowcH0EhzOvrwS9gOnxAdr4iq24_qZ3utChBDyDZD66Fzo6rAxzuscHvMnUpmpa5ZN_xcKk7v5PSQCw0gZFq3JTIZfT3zP0FeLdi3MmW3KLUVAknUb2nU5RpDw1pI3K9qdM5sQmPfupbY9uzD-ZYccGVeU7OxCQAsD6HFYGjJHd-HQ4jP6dwqysM370W9AKXPh1r04c4QMEDkyyC3HgUTlQ3kjBpZvuGTBzmlQUPF2ydAvG5zLfurL0cILM&amp;__tn__=*NK-y-R\">#Escultura<\/a>,&nbsp;<a href=\"https:\/\/www.facebook.com\/hashtag\/artsplastiques?__eep__=6&amp;__cft__[0]=AZXhP4hhZFJGzJqhMo_4I-RDYUdlSUowcH0EhzOvrwS9gOnxAdr4iq24_qZ3utChBDyDZD66Fzo6rAxzuscHvMnUpmpa5ZN_xcKk7v5PSQCw0gZFq3JTIZfT3zP0FeLdi3MmW3KLUVAknUb2nU5RpDw1pI3K9qdM5sQmPfupbY9uzD-ZYccGVeU7OxCQAsD6HFYGjJHd-HQ4jP6dwqysM370W9AKXPh1r04c4QMEDkyyC3HgUTlQ3kjBpZvuGTBzmlQUPF2ydAvG5zLfurL0cILM&amp;__tn__=*NK-y-R\">#ArtsPlastiques<\/a>,&nbsp;<a href=\"https:\/\/www.facebook.com\/hashtag\/meliana?__eep__=6&amp;__cft__[0]=AZXhP4hhZFJGzJqhMo_4I-RDYUdlSUowcH0EhzOvrwS9gOnxAdr4iq24_qZ3utChBDyDZD66Fzo6rAxzuscHvMnUpmpa5ZN_xcKk7v5PSQCw0gZFq3JTIZfT3zP0FeLdi3MmW3KLUVAknUb2nU5RpDw1pI3K9qdM5sQmPfupbY9uzD-ZYccGVeU7OxCQAsD6HFYGjJHd-HQ4jP6dwqysM370W9AKXPh1r04c4QMEDkyyC3HgUTlQ3kjBpZvuGTBzmlQUPF2ydAvG5zLfurL0cILM&amp;__tn__=*NK-y-R\">#Meliana<\/a>,&nbsp;<a href=\"https:\/\/www.facebook.com\/hashtag\/hortanord?__eep__=6&amp;__cft__[0]=AZXhP4hhZFJGzJqhMo_4I-RDYUdlSUowcH0EhzOvrwS9gOnxAdr4iq24_qZ3utChBDyDZD66Fzo6rAxzuscHvMnUpmpa5ZN_xcKk7v5PSQCw0gZFq3JTIZfT3zP0FeLdi3MmW3KLUVAknUb2nU5RpDw1pI3K9qdM5sQmPfupbY9uzD-ZYccGVeU7OxCQAsD6HFYGjJHd-HQ4jP6dwqysM370W9AKXPh1r04c4QMEDkyyC3HgUTlQ3kjBpZvuGTBzmlQUPF2ydAvG5zLfurL0cILM&amp;__tn__=*NK-y-R\">#HortaNord<\/a>,&nbsp;<a href=\"https:\/\/www.facebook.com\/hashtag\/cristiangil?__eep__=6&amp;__cft__[0]=AZXhP4hhZFJGzJqhMo_4I-RDYUdlSUowcH0EhzOvrwS9gOnxAdr4iq24_qZ3utChBDyDZD66Fzo6rAxzuscHvMnUpmpa5ZN_xcKk7v5PSQCw0gZFq3JTIZfT3zP0FeLdi3MmW3KLUVAknUb2nU5RpDw1pI3K9qdM5sQmPfupbY9uzD-ZYccGVeU7OxCQAsD6HFYGjJHd-HQ4jP6dwqysM370W9AKXPh1r04c4QMEDkyyC3HgUTlQ3kjBpZvuGTBzmlQUPF2ydAvG5zLfurL0cILM&amp;__tn__=*NK-y-R\">#CristianGil<\/a><\/p>\n","protected":false},"excerpt":{"rendered":"<p>\u00abCOLPS\u00bb Exposici\u00f3n escult\u00f3rica de CRISTIAN GIL V\u00eddeodansa \u00abColps\u00bb Cristian Gil\u00a0ens presenta l\u2019exposici\u00f3 \u201cColps\u201d que podeu visitar des del 16 fins el 27 de novembre. Ens explica la nova etapa creativa a partir d\u2019un element com les birles, que el trobareu &hellip; <a href=\"https:\/\/ebcd.es\/?page_id=2430\">Sigue leyendo <span class=\"meta-nav\">&rarr;<\/span><\/a><\/p>\n","protected":false},"author":2,"featured_media":0,"parent":0,"menu_order":0,"comment_status":"closed","ping_status":"closed","template":"","meta":{"footnotes":""},"_links":{"self":[{"href":"https:\/\/ebcd.es\/index.php?rest_route=\/wp\/v2\/pages\/2430"}],"collection":[{"href":"https:\/\/ebcd.es\/index.php?rest_route=\/wp\/v2\/pages"}],"about":[{"href":"https:\/\/ebcd.es\/index.php?rest_route=\/wp\/v2\/types\/page"}],"author":[{"embeddable":true,"href":"https:\/\/ebcd.es\/index.php?rest_route=\/wp\/v2\/users\/2"}],"replies":[{"embeddable":true,"href":"https:\/\/ebcd.es\/index.php?rest_route=%2Fwp%2Fv2%2Fcomments&post=2430"}],"version-history":[{"count":1,"href":"https:\/\/ebcd.es\/index.php?rest_route=\/wp\/v2\/pages\/2430\/revisions"}],"predecessor-version":[{"id":2434,"href":"https:\/\/ebcd.es\/index.php?rest_route=\/wp\/v2\/pages\/2430\/revisions\/2434"}],"wp:attachment":[{"href":"https:\/\/ebcd.es\/index.php?rest_route=%2Fwp%2Fv2%2Fmedia&parent=2430"}],"curies":[{"name":"wp","href":"https:\/\/api.w.org\/{rel}","templated":true}]}}