{"id":2424,"date":"2023-12-05T04:18:01","date_gmt":"2023-12-05T03:18:01","guid":{"rendered":"http:\/\/ebcd.es\/?page_id=2424"},"modified":"2024-01-08T20:53:07","modified_gmt":"2024-01-08T19:53:07","slug":"videos","status":"publish","type":"page","link":"https:\/\/ebcd.es\/?page_id=2424","title":{"rendered":"V\u00eddeos"},"content":{"rendered":"\n<p><\/p>\n\n\n\n<figure class=\"wp-block-embed is-type-video is-provider-youtube wp-block-embed-youtube wp-embed-aspect-16-9 wp-has-aspect-ratio\"><div class=\"wp-block-embed__wrapper\">\n<iframe loading=\"lazy\" title=\"Improvisaci\u00f3n para &quot;Destellos de luz en las grietas de un cristal roto&quot;. Eva Bertomeu Danza\" width=\"584\" height=\"329\" src=\"https:\/\/www.youtube.com\/embed\/Lox2Jg3oXiI?feature=oembed\" frameborder=\"0\" allow=\"accelerometer; autoplay; clipboard-write; encrypted-media; gyroscope; picture-in-picture; web-share\" referrerpolicy=\"strict-origin-when-cross-origin\" allowfullscreen><\/iframe>\n<\/div><\/figure>\n\n\n\n<p><strong>Improvisaci\u00f3n para \u00abDestellos de luz en las grietas de un cristal roto\u00bb. Eva Bertomeu.<\/strong><\/p>\n\n\n\n<p>En esta secuencia Eva Bertomeu todav\u00eda est\u00e1 improvisando la danza para \u00abDestellos de luz en las grietas de un cristal roto\u00bb. Utiliza la obra de Arvo P\u00e4rt, Spiegel im spiegel. Llama la atenci\u00f3n su capacidad de abstracci\u00f3n y concentraci\u00f3n en la m\u00fasica que ha elegido; mientras ensaya, interpreta su danza siguiendo con su propio discurso en comuni\u00f3n con la m\u00fasica de Arvo P\u00e4rt, de fondo se oye m\u00fasica y taconeo de estilo flamenco que llega de una clase de danza espa\u00f1ola desde otra sala. Sin embargo en su mente, en su cuerpo, en su movimiento cualquier ruido extra\u00f1o a su pensamiento ha dejado de existir. Finalmente parte de este material qued\u00f3 fijado en una pieza que titul\u00f3 \u00abImprovisaci\u00f3n en diagonal de luz\u00bb en vez de utilizarlo en \u00abDestellos de luz en las grietas de un cristal roto\u00bb. Quiz\u00e1s el estar embarazada en aquel momento a\u00fan aportaba mayor magia a su actuaci\u00f3n.<\/p>\n\n\n\n<figure class=\"wp-block-embed is-type-video is-provider-youtube wp-block-embed-youtube wp-embed-aspect-16-9 wp-has-aspect-ratio\"><div class=\"wp-block-embed__wrapper\">\n<iframe loading=\"lazy\" title=\"ONA - Eva Bertomeu\" width=\"584\" height=\"329\" src=\"https:\/\/www.youtube.com\/embed\/h2phgA5wF7Q?feature=oembed\" frameborder=\"0\" allow=\"accelerometer; autoplay; clipboard-write; encrypted-media; gyroscope; picture-in-picture; web-share\" referrerpolicy=\"strict-origin-when-cross-origin\" allowfullscreen><\/iframe>\n<\/div><\/figure>\n\n\n\n<p><strong>Ona &#8211; Eva Bertomeu<\/strong><\/p>\n\n\n\n<p>ONA es el nombre de la mujer, que disfrada de hombre, mata el drag\u00f3n. (inspirado en el retablo de San Miguel arc\u00e1ngel de Miguel Esteve, s. XVI).<\/p>\n\n\n\n<p>Coreograf\u00eda e interpretaci\u00f3n de \/ Choreography and performance by Eva Bertomeu. Museo de Bellas Artes, Valencia, Espa\u00f1a. Fine Arts Museum, Valencia, Spain. Clausura del IV Congreso Danza e Investigaci\u00f3n. Closing of the 4th Congress dance &amp; research. M\u00fasica de \/ Music by Max Richter &#8211; Arbenita (11 years), from HBO&#8217;s \u00abThe leftovers\u00bb.<\/p>\n\n\n\n<p>Para Eva Bertomeu la danza es un lenguaje, una forma de expresi\u00f3n, no s\u00f3lo art\u00edstica, sino tambi\u00e9n de comunicaci\u00f3n. Y hacerlo en entornos que envuelven su discurso con retablos g\u00f3ticos, renacentistas o simplemente con el ambiente distinto de un museo potencia su actuaci\u00f3n. Antes de la existencia del v\u00eddeo o la pel\u00edcula \u00bfc\u00f3mo conservaban la acci\u00f3n viva de una danza?<\/p>\n\n\n\n<figure class=\"wp-block-embed is-type-video is-provider-youtube wp-block-embed-youtube wp-embed-aspect-4-3 wp-has-aspect-ratio\"><div class=\"wp-block-embed__wrapper\">\n<iframe loading=\"lazy\" title=\"Abajo el tel\u00f3n. Eva Bertomeu, Museo Bellas Artes de Bilbao.\" width=\"584\" height=\"438\" src=\"https:\/\/www.youtube.com\/embed\/Aku7AGH44x0?feature=oembed\" frameborder=\"0\" allow=\"accelerometer; autoplay; clipboard-write; encrypted-media; gyroscope; picture-in-picture; web-share\" referrerpolicy=\"strict-origin-when-cross-origin\" allowfullscreen><\/iframe>\n<\/div><\/figure>\n\n\n\n<p><strong>Abajo el tel\u00f3n &#8211; Eva Bertomeu<\/strong> &#8211; Museo Bellas Artes de Bilbao.<\/p>\n\n\n\n<p>\u00abAbajo el tel\u00f3n\u00bb. Coreograf\u00eda e interpretaci\u00f3n de Eva Bertomeu. M\u00fasica de J.S. Bach, F. Chopin, Bobby Darin. Noche blanca de Bilbao. Museo de Bellas Artes. 2010. Fondo esc\u00e9nico de exposici\u00f3n sobre Balenciaga.<\/p>\n\n\n\n<p>Esta coreograf\u00eda fue creada por Eva Bertomeu para el evento \u00ab10 a\u00f1os &#8211; solos\u00bb, recopilatorio de solos promovido por el Centro Coreogr\u00e1fico de Teatres de la Generalitat Valenciana en conmemoraci\u00f3n de su 10\u00ba aniversario. Se estren\u00f3 junto a piezas de los artistas Cristina Andreu, Toni Aparisi, Yoshua Cienfuegos, Asun Noales, Roc\u00edo P\u00e9rez, Christine Cloux, Meritxell Barber\u00e1 e Inma Garc\u00eda y Marina Donderis en la desaparecida Sala L&#8217;Altre Espai durante el festival Dansa Valencia 2008.<\/p>\n\n\n\n<p>En este v\u00eddeo se muestra la actuaci\u00f3n de Eva Bertomeu durante la Noche Blanca de 2010 en el Hall Mogrobejo del Museo de Bellas Artes de Bilbao. En aquel evento tambi\u00e9n participaron artistas como Dani Panullo, Sharon Fridman, Fernando Hurtado y Antonio Ruz.<\/p>\n","protected":false},"excerpt":{"rendered":"<p>Improvisaci\u00f3n para \u00abDestellos de luz en las grietas de un cristal roto\u00bb. Eva Bertomeu. En esta secuencia Eva Bertomeu todav\u00eda est\u00e1 improvisando la danza para \u00abDestellos de luz en las grietas de un cristal roto\u00bb. Utiliza la obra de Arvo &hellip; <a href=\"https:\/\/ebcd.es\/?page_id=2424\">Sigue leyendo <span class=\"meta-nav\">&rarr;<\/span><\/a><\/p>\n","protected":false},"author":2,"featured_media":0,"parent":0,"menu_order":0,"comment_status":"closed","ping_status":"closed","template":"","meta":{"footnotes":""},"_links":{"self":[{"href":"https:\/\/ebcd.es\/index.php?rest_route=\/wp\/v2\/pages\/2424"}],"collection":[{"href":"https:\/\/ebcd.es\/index.php?rest_route=\/wp\/v2\/pages"}],"about":[{"href":"https:\/\/ebcd.es\/index.php?rest_route=\/wp\/v2\/types\/page"}],"author":[{"embeddable":true,"href":"https:\/\/ebcd.es\/index.php?rest_route=\/wp\/v2\/users\/2"}],"replies":[{"embeddable":true,"href":"https:\/\/ebcd.es\/index.php?rest_route=%2Fwp%2Fv2%2Fcomments&post=2424"}],"version-history":[{"count":6,"href":"https:\/\/ebcd.es\/index.php?rest_route=\/wp\/v2\/pages\/2424\/revisions"}],"predecessor-version":[{"id":2460,"href":"https:\/\/ebcd.es\/index.php?rest_route=\/wp\/v2\/pages\/2424\/revisions\/2460"}],"wp:attachment":[{"href":"https:\/\/ebcd.es\/index.php?rest_route=%2Fwp%2Fv2%2Fmedia&parent=2424"}],"curies":[{"name":"wp","href":"https:\/\/api.w.org\/{rel}","templated":true}]}}