{"id":2241,"date":"2023-08-11T18:48:06","date_gmt":"2023-08-11T16:48:06","guid":{"rendered":"http:\/\/ebcd.es\/?page_id=2241"},"modified":"2023-08-11T18:51:24","modified_gmt":"2023-08-11T16:51:24","slug":"fics","status":"publish","type":"page","link":"https:\/\/ebcd.es\/?page_id=2241","title":{"rendered":"FIC&#8217;s"},"content":{"rendered":"<div class=\"wp-block-image\">\n<figure class=\"aligncenter size-large is-resized\"><a href=\"http:\/\/ebcd.es\/wp-content\/uploads\/2023\/08\/fic032.jpg\"><img loading=\"lazy\" decoding=\"async\" src=\"http:\/\/ebcd.es\/wp-content\/uploads\/2023\/08\/fic032-682x1024.jpg\" alt=\"\" class=\"wp-image-2242\" style=\"width:351px;height:527px\" width=\"351\" height=\"527\" srcset=\"https:\/\/ebcd.es\/wp-content\/uploads\/2023\/08\/fic032-682x1024.jpg 682w, https:\/\/ebcd.es\/wp-content\/uploads\/2023\/08\/fic032-200x300.jpg 200w, https:\/\/ebcd.es\/wp-content\/uploads\/2023\/08\/fic032-768x1153.jpg 768w, https:\/\/ebcd.es\/wp-content\/uploads\/2023\/08\/fic032-1023x1536.jpg 1023w, https:\/\/ebcd.es\/wp-content\/uploads\/2023\/08\/fic032.jpg 1339w\" sizes=\"(max-width: 351px) 100vw, 351px\" \/><\/a><\/figure><\/div>\n\n\n<p>\u00abPara mi el FIC fue la oportunidad que necesitaba para darme cuenta de que yo valgo, y si est\u00e1s dispuesto a trabajar duro, se puede. Es el trampol\u00edn perfecto para la transici\u00f3n entre estudiante e int\u00e9rprete. La gran versatilidad de registros de cada profesional que te da clase de t\u00e9cnica y composici\u00f3n te prepara para adaptarte a cualquier cosa que te pidan cuando acabas la formaci\u00f3n. Siempre voy a estar agradecida al equipo de profesionales que forman el FIC, en especial a Eva y Juan, por haberme dado la oportunidad de evolucionar tanto con ellos, y haberme apoyado y cuidado en momentos dif\u00edciles. Para m\u00ed, EBCD es ya mi casa a la que siempre volver.\u00bb <strong>ALEJANDRA BENET, becada en el grupo FIC VII. Int\u00e9rprete y pedagoga de danza cl\u00e1sica y contempor\u00e1nea.<\/strong> \/ <em>\u00abFor me, the FIC was the opportunity I needed to realize that I am worth it, and if you are willing to work hard, it can be done. It is the perfect springboard for the transition between student and performer. The great versatility of registers of each professional who gives you a class on technique and composition prepares you to adapt to whatever they ask of you when you finish the training. I will always be grateful to the team of professionals that make up the FIC, especially Eva and Juan, for having given me the opportunity to evolve so much with them, and for having supported and cared for me in difficult times. For me, EBCD is already my home to which I always return.\u00bb<\/em> <em>ALEJANDRA BENET, with a scholarship in the FIC VII group. Performer and teacher of classical and contemporary dance.<\/em><\/p>\n\n\n\n<figure class=\"wp-block-image size-full\"><a href=\"http:\/\/ebcd.es\/wp-content\/uploads\/2019\/09\/fic014.jpg\"><img loading=\"lazy\" decoding=\"async\" width=\"1000\" height=\"666\" src=\"http:\/\/ebcd.es\/wp-content\/uploads\/2019\/09\/fic014.jpg\" alt=\"\" class=\"wp-image-1494\" srcset=\"https:\/\/ebcd.es\/wp-content\/uploads\/2019\/09\/fic014.jpg 1000w, https:\/\/ebcd.es\/wp-content\/uploads\/2019\/09\/fic014-300x200.jpg 300w, https:\/\/ebcd.es\/wp-content\/uploads\/2019\/09\/fic014-768x511.jpg 768w, https:\/\/ebcd.es\/wp-content\/uploads\/2019\/09\/fic014-450x300.jpg 450w\" sizes=\"(max-width: 1000px) 100vw, 1000px\" \/><\/a><\/figure>\n\n\n\n<figure class=\"wp-block-image size-full\"><a href=\"http:\/\/ebcd.es\/wp-content\/uploads\/2023\/08\/fic012.jpg\"><img loading=\"lazy\" decoding=\"async\" width=\"1000\" height=\"628\" src=\"http:\/\/ebcd.es\/wp-content\/uploads\/2023\/08\/fic012.jpg\" alt=\"\" class=\"wp-image-2244\" srcset=\"https:\/\/ebcd.es\/wp-content\/uploads\/2023\/08\/fic012.jpg 1000w, https:\/\/ebcd.es\/wp-content\/uploads\/2023\/08\/fic012-300x188.jpg 300w, https:\/\/ebcd.es\/wp-content\/uploads\/2023\/08\/fic012-768x482.jpg 768w, https:\/\/ebcd.es\/wp-content\/uploads\/2023\/08\/fic012-478x300.jpg 478w\" sizes=\"(max-width: 1000px) 100vw, 1000px\" \/><\/a><\/figure>\n","protected":false},"excerpt":{"rendered":"<p>\u00abPara mi el FIC fue la oportunidad que necesitaba para darme cuenta de que yo valgo, y si est\u00e1s dispuesto a trabajar duro, se puede. Es el trampol\u00edn perfecto para la transici\u00f3n entre estudiante e int\u00e9rprete. La gran versatilidad de &hellip; <a href=\"https:\/\/ebcd.es\/?page_id=2241\">Sigue leyendo <span class=\"meta-nav\">&rarr;<\/span><\/a><\/p>\n","protected":false},"author":2,"featured_media":0,"parent":0,"menu_order":0,"comment_status":"closed","ping_status":"closed","template":"","meta":{"footnotes":""},"_links":{"self":[{"href":"https:\/\/ebcd.es\/index.php?rest_route=\/wp\/v2\/pages\/2241"}],"collection":[{"href":"https:\/\/ebcd.es\/index.php?rest_route=\/wp\/v2\/pages"}],"about":[{"href":"https:\/\/ebcd.es\/index.php?rest_route=\/wp\/v2\/types\/page"}],"author":[{"embeddable":true,"href":"https:\/\/ebcd.es\/index.php?rest_route=\/wp\/v2\/users\/2"}],"replies":[{"embeddable":true,"href":"https:\/\/ebcd.es\/index.php?rest_route=%2Fwp%2Fv2%2Fcomments&post=2241"}],"version-history":[{"count":5,"href":"https:\/\/ebcd.es\/index.php?rest_route=\/wp\/v2\/pages\/2241\/revisions"}],"predecessor-version":[{"id":2249,"href":"https:\/\/ebcd.es\/index.php?rest_route=\/wp\/v2\/pages\/2241\/revisions\/2249"}],"wp:attachment":[{"href":"https:\/\/ebcd.es\/index.php?rest_route=%2Fwp%2Fv2%2Fmedia&parent=2241"}],"curies":[{"name":"wp","href":"https:\/\/api.w.org\/{rel}","templated":true}]}}