{"id":1225,"date":"2018-04-18T17:55:49","date_gmt":"2018-04-18T15:55:49","guid":{"rendered":"http:\/\/ebcd.es\/?page_id=1225"},"modified":"2023-12-11T18:18:38","modified_gmt":"2023-12-11T17:18:38","slug":"actuacionesgalas","status":"publish","type":"page","link":"https:\/\/ebcd.es\/?page_id=1225","title":{"rendered":"Actuaciones"},"content":{"rendered":"\n<p><\/p>\n\n\n\n<figure class=\"wp-block-image size-large\"><a href=\"http:\/\/ebcd.es\/wp-content\/uploads\/2023\/02\/AVITAX-VIVISECCION-S-M-MICALET003-scaled.jpg\"><img loading=\"lazy\" decoding=\"async\" width=\"724\" height=\"1024\" src=\"http:\/\/ebcd.es\/wp-content\/uploads\/2023\/02\/AVITAX-VIVISECCION-S-M-MICALET003-724x1024.jpg\" alt=\"\" class=\"wp-image-1896\" srcset=\"https:\/\/ebcd.es\/wp-content\/uploads\/2023\/02\/AVITAX-VIVISECCION-S-M-MICALET003-724x1024.jpg 724w, https:\/\/ebcd.es\/wp-content\/uploads\/2023\/02\/AVITAX-VIVISECCION-S-M-MICALET003-212x300.jpg 212w, https:\/\/ebcd.es\/wp-content\/uploads\/2023\/02\/AVITAX-VIVISECCION-S-M-MICALET003-768x1086.jpg 768w, https:\/\/ebcd.es\/wp-content\/uploads\/2023\/02\/AVITAX-VIVISECCION-S-M-MICALET003-1086x1536.jpg 1086w, https:\/\/ebcd.es\/wp-content\/uploads\/2023\/02\/AVITAX-VIVISECCION-S-M-MICALET003-1448x2048.jpg 1448w, https:\/\/ebcd.es\/wp-content\/uploads\/2023\/02\/AVITAX-VIVISECCION-S-M-MICALET003-scaled.jpg 1810w\" sizes=\"(max-width: 724px) 100vw, 724px\" \/><\/a><\/figure>\n\n\n\n<figure class=\"wp-block-embed is-type-video is-provider-youtube wp-block-embed-youtube wp-embed-aspect-16-9 wp-has-aspect-ratio\"><div class=\"wp-block-embed__wrapper\">\n<iframe loading=\"lazy\" title=\"Vivisecci\u00f3n del ser m\u00f3vil - Eva Bertomeu\" width=\"584\" height=\"329\" src=\"https:\/\/www.youtube.com\/embed\/o0OtDgvP4z0?feature=oembed\" frameborder=\"0\" allow=\"accelerometer; autoplay; clipboard-write; encrypted-media; gyroscope; picture-in-picture; web-share\" referrerpolicy=\"strict-origin-when-cross-origin\" allowfullscreen><\/iframe>\n<\/div><\/figure>\n\n\n\n<p>El espect\u00e1culo de Danza, el momento de su exhibici\u00f3n, lo que el espectador ve en el baile, esa declamaci\u00f3n de un discurso parido con el dolor y el gozo de la madre que libera una parte de s\u00ed misma en un infinito impredecible, eso es la capa obvia que percibe el observador. Es s\u00f3lo la superficie, la piel de una chispa que brilla y genera en lo m\u00e1s hondo del ser. Vamos a exhibir el discurso de la bailarina, de la core\u00f3grafa, del pensamiento que inici\u00f3 el movimiento. Capa a capa hasta llegar al centro.<\/p>\n\n\n<h1>\u00a0<\/h1>\n<h1><span style=\"color: #ff0000;\">RITTERBALLET: UN BAILE DE CORTE PARA CARNAVAL<\/span><\/h1>\n<h1><span style=\"color: #0000ff;\"><strong>CONCIERTO. Orquesta de Valencia y EBC Danza en el TEM &#8211; Teatre El Musical<\/strong><\/span><\/h1>\n<p><span style=\"color: #3366ff;\"><em><strong>MENUT PALAU: BEETHOVEN, 250 ANIVERSARIO organizado por el Palau de la M\u00fasica de Valencia<\/strong><\/em><\/span><\/p>\n<p style=\"font-weight: 400;\">JUEVES 23 Y VIERNES 24 DE ENERO, 10:30 Y 12:00 h (s\u00f3lo colegios)<\/p>\n<p style=\"font-weight: 400;\"><strong>S\u00c1BADO, 25 DE ENERO,\u00a0Conciertos: 12:00 Y 18:30<\/strong>, para todos los p\u00fablicos, recomendado a partir de 8 a\u00f1os.<\/p>\n<p><a href=\"http:\/\/ebcd.es\/wp-content\/uploads\/2020\/01\/Ritterballet-05.jpg\"><img loading=\"lazy\" decoding=\"async\" class=\"alignnone size-large wp-image-1506\" src=\"http:\/\/ebcd.es\/wp-content\/uploads\/2020\/01\/Ritterballet-05-1024x695.jpg\" alt=\"\" width=\"584\" height=\"396\" srcset=\"https:\/\/ebcd.es\/wp-content\/uploads\/2020\/01\/Ritterballet-05-1024x695.jpg 1024w, https:\/\/ebcd.es\/wp-content\/uploads\/2020\/01\/Ritterballet-05-300x204.jpg 300w, https:\/\/ebcd.es\/wp-content\/uploads\/2020\/01\/Ritterballet-05-768x521.jpg 768w, https:\/\/ebcd.es\/wp-content\/uploads\/2020\/01\/Ritterballet-05-442x300.jpg 442w\" sizes=\"(max-width: 584px) 100vw, 584px\" \/><\/a><\/p>\n<p>TEM &#8211; El Musical. Pla\u00e7a del Rosari, 3<\/p>\n<div class=\"text_exposed_show\">\n<p>Ludwig van Beethoven: Ritterballet<\/p>\n<p>Las criaturas de Prometeo, op. 43 \u2014 Obertura<br \/>Musik zu einem Ritterballet, WoO 1<br \/>Sinfon\u00eda n.\u00ba 7 en la mayor, op. 92 \u2014 II. Allegretto<br \/>Sinfon\u00eda n.\u00ba 5 en do menor, op. 67 \u2014 I. Allegro con brio<br \/>Sinfon\u00eda n.\u00ba 1 en do mayor, op. 21 \u2014 IV. Finale: Adagio, allegro molto e vivace<\/p>\n<p>Andr\u00e9s B. Rodas, narrador<br \/>ORQUESTA DE VAL\u00c8NCIA: Vicente Gabarda, director<br \/>EBC DANZA: Eva Bertomeu, direcci\u00f3n esc\u00e9nica y coreograf\u00eda<\/p>\n<p>Concierto para todos los p\u00fablicos (recomendado a partir de 8 a\u00f1os)<br \/>Duraci\u00f3n: 50\u2019 (aproximadamente)<\/p>\n<p>Bailarines: Albert Garc\u00eda, Mar\u00eda Lavao, Ainhoa L\u00f3pez, Mariola Mataix, Juan Esteban Serna y Mar\u00eda Solera<br \/>Asistente coreogr\u00e1fico: Albert Garc\u00eda<br \/>Vestuario: IVC &#8211; Institut Valenci\u00e0 de Cultura y EBC Danza<br \/>Dise\u00f1o iluminaci\u00f3n: M\u00e1ximo S\u00e1nchez<br \/>Coordinaci\u00f3n: Juan Planelles<\/p>\n<p>Presentaci\u00f3n: Un joven Beethoven de 20 a\u00f1os escribe para el conde Ferdinand Waldstein un ballet casi desconocido con motivo de Carnaval. A trav\u00e9s de este peque\u00f1o \u201cballet para caballeros\u201d y otras fragmentos de Beethoven vinculados a la danza, nos adentramos en aspectos menos conocidos del mundo del compositor, del que celebramos su 250 aniversario.<\/p>\n<hr \/><\/div>\n<p><a href=\"http:\/\/ebcd.es\/wp-content\/uploads\/2019\/10\/U-MALVA-ROSA-baja.jpg\"><img loading=\"lazy\" decoding=\"async\" class=\"alignnone size-large wp-image-1502\" src=\"http:\/\/ebcd.es\/wp-content\/uploads\/2019\/10\/U-MALVA-ROSA-baja-584x1024.jpg\" alt=\"\" width=\"584\" height=\"1024\" srcset=\"https:\/\/ebcd.es\/wp-content\/uploads\/2019\/10\/U-MALVA-ROSA-baja-584x1024.jpg 584w, https:\/\/ebcd.es\/wp-content\/uploads\/2019\/10\/U-MALVA-ROSA-baja-171x300.jpg 171w, https:\/\/ebcd.es\/wp-content\/uploads\/2019\/10\/U-MALVA-ROSA-baja-768x1347.jpg 768w\" sizes=\"(max-width: 584px) 100vw, 584px\" \/><\/a><\/p>\n<h1><span style=\"color: #ff6600;\"><strong>Centro Cultural y Deportivo de Abastos (antiguo mercado de Abastos), Valencia<\/strong><\/span><\/h1>\n<p>El Domingo, 17 de Noviembre (si no llueve) a las 12.30 h, presentamos en el antiguo Mercado de Abastos (entrada por la calle Alberique) un programa doblemente refrescante para el programa Cultura als barris del Ajuntament de Val\u00e8ncia.<\/p>\n<p><span style=\"color: #ff6600;\"><strong>MALVA-ROSA<\/strong><\/span><span class=\"text_exposed_show\"><br \/>Mirando al mar, en la misma Malva-Rosa de Blasco Ib\u00e1\u00f1ez y Sorolla, los pescadores del siglo XXI han cambiado. Sobre su arena fina la vida se redefine y la gente a veces enloquece.<\/span><\/p>\n<div class=\"text_exposed_show\">\n<p>Direcci\u00f3n: Eva Bertomeu<br \/>Coreograf\u00eda: Eva Bertomeu y Christine Cloux<br \/>Int\u00e9rpretes: grupo FIC EBC Danza; Ainhoa L\u00f3pez, Juan Esteban Serna, Mar\u00eda Lavao, Mariola Mataix, Maria Solera, \u00c1lvaro De Mar\u00eda, Alba Lozano, Alba Galan, Uribarri Atxotegi, Lina Mar Galindo, Luna Pereyra, Elena Sanchis, Ester Boronat.<\/p>\n<p><span style=\"color: #ff6600;\"><strong>U<\/strong><\/span><br \/>Sola, buscando la perspectiva que me permita ver c\u00f3mo llegu\u00e9 hasta aqu\u00ed. Autorretrato actual de una joven en base a su vieja vida.<\/p>\n<p>Coreograf\u00eda e int\u00e9rpretaci\u00f3n: Eva Bertomeu<\/p>\n<\/div>","protected":false},"excerpt":{"rendered":"<p>El espect\u00e1culo de Danza, el momento de su exhibici\u00f3n, lo que el espectador ve en el baile, esa declamaci\u00f3n de un discurso parido con el dolor y el gozo de la madre que libera una parte de s\u00ed misma en &hellip; <a href=\"https:\/\/ebcd.es\/?page_id=1225\">Sigue leyendo <span class=\"meta-nav\">&rarr;<\/span><\/a><\/p>\n","protected":false},"author":2,"featured_media":0,"parent":467,"menu_order":0,"comment_status":"closed","ping_status":"closed","template":"","meta":{"footnotes":""},"_links":{"self":[{"href":"https:\/\/ebcd.es\/index.php?rest_route=\/wp\/v2\/pages\/1225"}],"collection":[{"href":"https:\/\/ebcd.es\/index.php?rest_route=\/wp\/v2\/pages"}],"about":[{"href":"https:\/\/ebcd.es\/index.php?rest_route=\/wp\/v2\/types\/page"}],"author":[{"embeddable":true,"href":"https:\/\/ebcd.es\/index.php?rest_route=\/wp\/v2\/users\/2"}],"replies":[{"embeddable":true,"href":"https:\/\/ebcd.es\/index.php?rest_route=%2Fwp%2Fv2%2Fcomments&post=1225"}],"version-history":[{"count":36,"href":"https:\/\/ebcd.es\/index.php?rest_route=\/wp\/v2\/pages\/1225\/revisions"}],"predecessor-version":[{"id":2437,"href":"https:\/\/ebcd.es\/index.php?rest_route=\/wp\/v2\/pages\/1225\/revisions\/2437"}],"up":[{"embeddable":true,"href":"https:\/\/ebcd.es\/index.php?rest_route=\/wp\/v2\/pages\/467"}],"wp:attachment":[{"href":"https:\/\/ebcd.es\/index.php?rest_route=%2Fwp%2Fv2%2Fmedia&parent=1225"}],"curies":[{"name":"wp","href":"https:\/\/api.w.org\/{rel}","templated":true}]}}