{"id":1217,"date":"2018-04-18T12:51:08","date_gmt":"2018-04-18T10:51:08","guid":{"rendered":"http:\/\/ebcd.es\/?page_id=1217"},"modified":"2018-04-18T13:09:17","modified_gmt":"2018-04-18T11:09:17","slug":"1217-2","status":"publish","type":"page","link":"https:\/\/ebcd.es\/?page_id=1217","title":{"rendered":"NATURAL Y FR\u00cdA"},"content":{"rendered":"<p><strong>\u00abNATURAL Y FR\u00cdA\u00bb<\/strong>\u00a0\/ Direcci\u00f3n y Coreograf\u00eda:\u00a0<a class=\"profileLink\" href=\"https:\/\/www.facebook.com\/eva.bertomeu.1?fref=mentions\" data-hovercard=\"\/ajax\/hovercard\/user.php?id=1402133189&amp;extragetparams=%7B%22fref%22%3A%22mentions%22%7D\" data-hovercard-prefer-more-content-show=\"1\">Eva Bertomeu<\/a>.<\/p>\n<p>\u00bfAltero mi manera de ser dependiendo de con qui\u00e9n estoy, de con qui\u00e9n hablo? \u00bfSoy consciente de ello y quiero hacerlo? \u00bfCu\u00e1l es mi yo genuino? \u00bfPierdo mi personalidad si adapto mi conducta a mi entorno? \u00bfDeber\u00eda ser siempre espont\u00e1nea, transparente, cristalina, casi et\u00e9rea?<\/p>\n<p>Int\u00e9rpretes:\u00a0Joana Marzal, Elena Sevilla, Maria Moscard\u00f3, Sonia Murillo, Beatriz Caballero, Melissa Taylor, Andrea Carrion, Marina Capel, Dahiana Betancourt, Celia Pereira, Andr\u00e9s Bedoya, Nikita Anishchenko, Milton Almeida, Isidro Berenguer.<\/p>\n<p>https:\/\/www.facebook.com\/juan.planelles.5\/videos\/g.1731934320387664\/10211827643220739\/?type=2&#038;theater&#038;ifg=1<\/p>\n","protected":false},"excerpt":{"rendered":"<p>\u00abNATURAL Y FR\u00cdA\u00bb\u00a0\/ Direcci\u00f3n y Coreograf\u00eda:\u00a0Eva Bertomeu. \u00bfAltero mi manera de ser dependiendo de con qui\u00e9n estoy, de con qui\u00e9n hablo? \u00bfSoy consciente de ello y quiero hacerlo? \u00bfCu\u00e1l es mi yo genuino? \u00bfPierdo mi personalidad si adapto mi conducta &hellip; <a href=\"https:\/\/ebcd.es\/?page_id=1217\">Sigue leyendo <span class=\"meta-nav\">&rarr;<\/span><\/a><\/p>\n","protected":false},"author":2,"featured_media":0,"parent":1139,"menu_order":0,"comment_status":"closed","ping_status":"closed","template":"","meta":{"footnotes":""},"_links":{"self":[{"href":"https:\/\/ebcd.es\/index.php?rest_route=\/wp\/v2\/pages\/1217"}],"collection":[{"href":"https:\/\/ebcd.es\/index.php?rest_route=\/wp\/v2\/pages"}],"about":[{"href":"https:\/\/ebcd.es\/index.php?rest_route=\/wp\/v2\/types\/page"}],"author":[{"embeddable":true,"href":"https:\/\/ebcd.es\/index.php?rest_route=\/wp\/v2\/users\/2"}],"replies":[{"embeddable":true,"href":"https:\/\/ebcd.es\/index.php?rest_route=%2Fwp%2Fv2%2Fcomments&post=1217"}],"version-history":[{"count":3,"href":"https:\/\/ebcd.es\/index.php?rest_route=\/wp\/v2\/pages\/1217\/revisions"}],"predecessor-version":[{"id":1223,"href":"https:\/\/ebcd.es\/index.php?rest_route=\/wp\/v2\/pages\/1217\/revisions\/1223"}],"up":[{"embeddable":true,"href":"https:\/\/ebcd.es\/index.php?rest_route=\/wp\/v2\/pages\/1139"}],"wp:attachment":[{"href":"https:\/\/ebcd.es\/index.php?rest_route=%2Fwp%2Fv2%2Fmedia&parent=1217"}],"curies":[{"name":"wp","href":"https:\/\/api.w.org\/{rel}","templated":true}]}}