{"id":1139,"date":"2017-12-13T19:16:04","date_gmt":"2017-12-13T18:16:04","guid":{"rendered":"http:\/\/ebcd.es\/?page_id=1139"},"modified":"2018-05-24T10:42:29","modified_gmt":"2018-05-24T08:42:29","slug":"c-r-e-a-c-c-i-o-n-e-s","status":"publish","type":"page","link":"https:\/\/ebcd.es\/?page_id=1139","title":{"rendered":"CREACCIONES"},"content":{"rendered":"<p><iframe loading=\"lazy\" title=\"CREACCIONES\" src=\"https:\/\/player.vimeo.com\/video\/243810164?dnt=1&amp;app_id=122963\" width=\"584\" height=\"329\" frameborder=\"0\" allow=\"autoplay; fullscreen; picture-in-picture; clipboard-write\"><\/iframe><\/p>\n<p>Las C R E A C C I O N E S son piezas de danza y acciones art\u00edsticas resultado de los talleres de investigaci\u00f3n coreogr\u00e1fica y de movimiento del programa de formaci\u00f3n intensiva de EBCDanza.<\/p>\n<p><a href=\"http:\/\/ebcd.es\/wp-content\/uploads\/2017\/12\/ficc-alternativo.jpg\"><img loading=\"lazy\" decoding=\"async\" class=\"alignnone size-large wp-image-1140\" src=\"http:\/\/ebcd.es\/wp-content\/uploads\/2017\/12\/ficc-alternativo-1024x768.jpg\" alt=\"\" width=\"584\" height=\"438\" srcset=\"https:\/\/ebcd.es\/wp-content\/uploads\/2017\/12\/ficc-alternativo-1024x768.jpg 1024w, https:\/\/ebcd.es\/wp-content\/uploads\/2017\/12\/ficc-alternativo-300x225.jpg 300w, https:\/\/ebcd.es\/wp-content\/uploads\/2017\/12\/ficc-alternativo-768x576.jpg 768w, https:\/\/ebcd.es\/wp-content\/uploads\/2017\/12\/ficc-alternativo-400x300.jpg 400w, https:\/\/ebcd.es\/wp-content\/uploads\/2017\/12\/ficc-alternativo.jpg 1600w\" sizes=\"(max-width: 584px) 100vw, 584px\" \/><\/a><\/p>\n<p>Se han presentado en la inauguraci\u00f3n del festival Circuito BUCLES 2017 en Las Naves, en la programaci\u00f3n de\u00a0La F\u00e1brica de Hielo,\u00a0en EBCDanza y en el VIII Festival de Arte Urbano Extramurs &#8211; Distrito 008 de Valencia, Espa\u00f1a.<\/p>\n<p>Los\u00a0participantes y co-creadores de las C R E A C C I O N E S son los integrantes de la VI promoci\u00f3n de FIC\u00a0(Formaci\u00f3n intensiva e investigaci\u00f3n de Danza contempor\u00e1nea, composici\u00f3n y coreograf\u00eda) de EBCDANZA.<\/p>\n<p>Todos ellos forman el grupo\u00a0<strong>EXEO<\/strong>\u00a0como parte del programa de formaci\u00f3n 2017-18:\u00a0<a href=\"https:\/\/www.facebook.com\/EXEO-152188618738023\/\">https:\/\/www.facebook.com\/EXEO-152188618738023\/<\/a><\/p>\n<p>&nbsp;<\/p>\n","protected":false},"excerpt":{"rendered":"<p>Las C R E A C C I O N E S son piezas de danza y acciones art\u00edsticas resultado de los talleres de investigaci\u00f3n coreogr\u00e1fica y de movimiento del programa de formaci\u00f3n intensiva de EBCDanza. Se han presentado en &hellip; <a href=\"https:\/\/ebcd.es\/?page_id=1139\">Sigue leyendo <span class=\"meta-nav\">&rarr;<\/span><\/a><\/p>\n","protected":false},"author":2,"featured_media":0,"parent":817,"menu_order":0,"comment_status":"closed","ping_status":"closed","template":"","meta":{"footnotes":""},"_links":{"self":[{"href":"https:\/\/ebcd.es\/index.php?rest_route=\/wp\/v2\/pages\/1139"}],"collection":[{"href":"https:\/\/ebcd.es\/index.php?rest_route=\/wp\/v2\/pages"}],"about":[{"href":"https:\/\/ebcd.es\/index.php?rest_route=\/wp\/v2\/types\/page"}],"author":[{"embeddable":true,"href":"https:\/\/ebcd.es\/index.php?rest_route=\/wp\/v2\/users\/2"}],"replies":[{"embeddable":true,"href":"https:\/\/ebcd.es\/index.php?rest_route=%2Fwp%2Fv2%2Fcomments&post=1139"}],"version-history":[{"count":6,"href":"https:\/\/ebcd.es\/index.php?rest_route=\/wp\/v2\/pages\/1139\/revisions"}],"predecessor-version":[{"id":1224,"href":"https:\/\/ebcd.es\/index.php?rest_route=\/wp\/v2\/pages\/1139\/revisions\/1224"}],"up":[{"embeddable":true,"href":"https:\/\/ebcd.es\/index.php?rest_route=\/wp\/v2\/pages\/817"}],"wp:attachment":[{"href":"https:\/\/ebcd.es\/index.php?rest_route=%2Fwp%2Fv2%2Fmedia&parent=1139"}],"curies":[{"name":"wp","href":"https:\/\/api.w.org\/{rel}","templated":true}]}}

<p><iframe loading="lazy" title="CREACCIONES" src="https://player.vimeo.com/video/243810164?dnt=1&amp;app_id=122963" width="584" height="329" frameborder="0" allow="autoplay; fullscreen; picture-in-picture; clipboard-write"></iframe></p>
<p>Las C R E A C C I O N E S son piezas de danza y acciones artísticas resultado de los talleres de investigación coreográfica y de movimiento del programa de formación intensiva de EBCDanza.</p>
<p><a href="http://ebcd.es/wp-content/uploads/2017/12/ficc-alternativo.jpg"><img loading="lazy" decoding="async" class="alignnone size-large wp-image-1140" src="http://ebcd.es/wp-content/uploads/2017/12/ficc-alternativo-1024x768.jpg" alt="" width="584" height="438" srcset="https://ebcd.es/wp-content/uploads/2017/12/ficc-alternativo-1024x768.jpg 1024w, https://ebcd.es/wp-content/uploads/2017/12/ficc-alternativo-300x225.jpg 300w, https://ebcd.es/wp-content/uploads/2017/12/ficc-alternativo-768x576.jpg 768w, https://ebcd.es/wp-content/uploads/2017/12/ficc-alternativo-400x300.jpg 400w, https://ebcd.es/wp-content/uploads/2017/12/ficc-alternativo.jpg 1600w" sizes="(max-width: 584px) 100vw, 584px" /></a></p>
<p>Se han presentado en la inauguración del festival Circuito BUCLES 2017 en Las Naves, en la programación de La Fábrica de Hielo, en EBCDanza y en el VIII Festival de Arte Urbano Extramurs &#8211; Distrito 008 de Valencia, España.</p>
<p>Los participantes y co-creadores de las C R E A C C I O N E S son los integrantes de la VI promoción de FIC (Formación intensiva e investigación de Danza contemporánea, composición y coreografía) de EBCDANZA.</p>
<p>Todos ellos forman el grupo <strong>EXEO</strong> como parte del programa de formación 2017-18: <a href="https://www.facebook.com/EXEO-152188618738023/">https://www.facebook.com/EXEO-152188618738023/</a></p>
<p>&nbsp;</p>

<p>Las C R E A C C I O N E S son piezas de danza y acciones artísticas resultado de los talleres de investigación coreográfica y de movimiento del programa de formación intensiva de EBCDanza. Se han presentado en &hellip; <a href="https://ebcd.es/?page_id=1139">Sigue leyendo <span class="meta-nav">&rarr;</span></a></p>
