{"id":1023,"date":"2017-06-07T23:00:28","date_gmt":"2017-06-07T21:00:28","guid":{"rendered":"http:\/\/ebcd.es\/?page_id=1023"},"modified":"2021-05-10T11:55:45","modified_gmt":"2021-05-10T09:55:45","slug":"reflejos-de-luz-en-las-grietas-de-un-cristal-roto","status":"publish","type":"page","link":"https:\/\/ebcd.es\/?page_id=1023","title":{"rendered":"Reflejos de luz en las grietas de un cristal roto"},"content":{"rendered":"<p><a href=\"https:\/\/www.facebook.com\/EBCDanza\/videos\/231579542097103\">https:\/\/www.facebook.com\/EBCDanza\/videos\/231579542097103<\/a><\/p>\n<p><strong>\u00abReflejos de luz en las grietas de un cristal roto\u00bb<\/strong><br \/>\nEl prejuicio obsolescente de un cristal agrietado, el curso de la luz que atraviesa sus pedazos transparentes, sujetos por la emoci\u00f3n de la fragilidad, reflejos descompuestos en arco\u00edris, en sombras, l\u00edneas, destellos y prismas que abren puertas a otros espacios, que evocan otro movimiento y otro lugar.<br \/>\n<u>Producci\u00f3n<\/u>: EBCD &#8211; Eva Bertomeu C\u00eda. Danza<br \/>\n<u>Direcci\u00f3n y coreograf\u00eda<\/u>: Eva Bertomeu<br \/>\n<u>Equipo art\u00edstico<\/u>: Lorena Ortiz, B\u00e1rbara D\u00edaz, Eva Bertomeu, Fredo Belda, Albert Garc\u00eda y Miguel \u00c1ngel Machado.<br \/>\n<u>M\u00fasica original<\/u>: Javier D\u00edaz<br \/>\n<u>Producci\u00f3n ejecutiva<\/u>: Juan Planelles<br \/>\n<u>Dise\u00f1o iluminaci\u00f3n<\/u>: Patricia Gea C\u00e1mara<\/p>\n","protected":false},"excerpt":{"rendered":"<p>https:\/\/www.facebook.com\/EBCDanza\/videos\/231579542097103 \u00abReflejos de luz en las grietas de un cristal roto\u00bb El prejuicio obsolescente de un cristal agrietado, el curso de la luz que atraviesa sus pedazos transparentes, sujetos por la emoci\u00f3n de la fragilidad, reflejos descompuestos en arco\u00edris, en &hellip; <a href=\"https:\/\/ebcd.es\/?page_id=1023\">Sigue leyendo <span class=\"meta-nav\">&rarr;<\/span><\/a><\/p>\n","protected":false},"author":2,"featured_media":0,"parent":995,"menu_order":4,"comment_status":"closed","ping_status":"closed","template":"","meta":{"footnotes":""},"_links":{"self":[{"href":"https:\/\/ebcd.es\/index.php?rest_route=\/wp\/v2\/pages\/1023"}],"collection":[{"href":"https:\/\/ebcd.es\/index.php?rest_route=\/wp\/v2\/pages"}],"about":[{"href":"https:\/\/ebcd.es\/index.php?rest_route=\/wp\/v2\/types\/page"}],"author":[{"embeddable":true,"href":"https:\/\/ebcd.es\/index.php?rest_route=\/wp\/v2\/users\/2"}],"replies":[{"embeddable":true,"href":"https:\/\/ebcd.es\/index.php?rest_route=%2Fwp%2Fv2%2Fcomments&post=1023"}],"version-history":[{"count":3,"href":"https:\/\/ebcd.es\/index.php?rest_route=\/wp\/v2\/pages\/1023\/revisions"}],"predecessor-version":[{"id":1577,"href":"https:\/\/ebcd.es\/index.php?rest_route=\/wp\/v2\/pages\/1023\/revisions\/1577"}],"up":[{"embeddable":true,"href":"https:\/\/ebcd.es\/index.php?rest_route=\/wp\/v2\/pages\/995"}],"wp:attachment":[{"href":"https:\/\/ebcd.es\/index.php?rest_route=%2Fwp%2Fv2%2Fmedia&parent=1023"}],"curies":[{"name":"wp","href":"https:\/\/api.w.org\/{rel}","templated":true}]}}