{"id":1166,"date":"2018-02-01T12:53:34","date_gmt":"2018-02-01T11:53:34","guid":{"rendered":"http:\/\/ebcd.es\/?page_id=1166"},"modified":"2021-08-31T11:54:11","modified_gmt":"2021-08-31T09:54:11","slug":"rocio-perez-contact","status":"publish","type":"page","link":"http:\/\/ebcd.es\/?page_id=1166","title":{"rendered":"Roc\u00edo P\u00e9rez &#8211; CONTACT"},"content":{"rendered":"<p><strong>CONTACT IMPROVISACI\u00d3N &#8211; TALLER INTENSIVO \/ <span style=\"color: #0000ff;\">INTENSIVE WORKSHOP<\/span><\/strong><\/p>\n<p><strong>10 &amp; 11 FEBRERO, de 10 a 14 h.<\/strong><\/p>\n<p><strong>Roc\u00edo<\/strong> <strong>P\u00e9rez<\/strong> <strong>Hern\u00e1ndez,<\/strong> bailarina, core\u00f3grafa y profesora titular del Conservatorio Profesional de Danza de Valencia. Licenciada en Coreograf\u00eda por el Conservatorio Superior de Danza de Valencia (CSDV) y Diplomada en Danza Cl\u00e1sica por la Escuela Superior de Arte Dram\u00e1tico y Danza de Valencia (CPDV).<\/p>\n<p>Aunque se inicia en la danza con una formaci\u00f3n acad\u00e9mica cl\u00e1sica su inter\u00e9s por la experimentaci\u00f3n y la improvisaci\u00f3n le acerca, en su formaci\u00f3n, a la pr\u00e1ctica de formas contempor\u00e1neas y a otras disciplinas de cuerpo (Danza posmoderna, Nueva danza, Contact-improvisation, Movimiento aut\u00e9ntico, Body-weather, Composici\u00f3n a tiempo real (CTR), kung-fu, yoga\u2026).<\/p>\n<p>Desarrolla su trabajo como int\u00e9rprete en Valencia y Barcelona en el seno de diferentes compa\u00f1\u00edas y proyectos art\u00edsticos. Pronto, se sit\u00faa tambi\u00e9n del otro lado de la escena y comienza a sumar experiencias acompa\u00f1ando a directores\/as y core\u00f3grafas de la escena contempor\u00e1nea como ayudante de direcci\u00f3n y asesora de movimiento esc\u00e9nico: Carmen Portaceli, Ximo Flores (Teatro Manantiales), Cristina Andreu (La sonrisa de Ca\u00edn), \u00c1ngela Verdugo\u2026<\/p>\n<p>Su inter\u00e9s por la creaci\u00f3n, la investigaci\u00f3n y la experimentaci\u00f3n le lleva a crear su propia estructura, <strong><em>Cel<\/em><\/strong> <strong><em>Ras<\/em><\/strong> (2003-2011) con la que desarrollar\u00e1 sus proyectos art\u00edsticos, siempre con un enfoque interdisciplinar y transdisciplinar (<em>Sally<\/em> <em>Sinpiernas<\/em><em>. <\/em><em>Malabarista<\/em> <em>de<\/em> <em>ilusiones,<\/em> <em>Deslunados,<\/em> <em>Ten<\/em> <em>Tides<\/em> (co-producci\u00f3n del Festival VEO), <em>Terrain<\/em> <em>Vague,<\/em> <em>Envasado<\/em> <em>al<\/em> <em>vac\u00edo,<\/em> <em>La<\/em> <em>estamos<\/em> <em>perdiendo,<\/em> <em>Ruido<\/em> <em>de<\/em> <em>fondo<\/em><em>. <\/em><em>Cap\u00edtulo<\/em> <em>I,<\/em> <em>Ruido<\/em> <em>de<\/em> <em>fondo<\/em><em>. <\/em><em>Cap\u00edtulo<\/em><em> 2 <\/em>(video danza-instalaci\u00f3n), <em>Ruido<\/em> <em>de<\/em> <em>fondo<\/em><em>. <\/em><em>La<\/em> <em>vida<\/em> <em>de<\/em> <em>los<\/em> <em>monstruos<\/em><em>.<\/em><\/p>\n<p><strong>Becas<\/strong> <strong>y<\/strong> <strong>Residencias<\/strong>.<\/p>\n<ul>\n<li>Beca Asociaci\u00f3n IRIS (Asociaci\u00f3n Sur-europea para la Creaci\u00f3n Contempor\u00e1nea). Programa Iris\u2019 Mobility Bourse para asistir como core\u00f3grafa invitada al Festival Dansem de Marsella,<\/li>\n<li>Residencia Centro de Creaci\u00f3n La Caldera. Proyecto: <em>Deslunados<\/em>. Barcelona<\/li>\n<li>Residencia en el Centro de Creaci\u00f3n L\u00b4Animal a L\u00b4Esquena. Proyecto: <em>Deslunados<\/em>. Girona<\/li>\n<li>Beca Fundaci\u00f3n Inspirarte. Residencia para la creaci\u00f3n del videodanza <em>Ruido<\/em> <em>de<\/em> <em>fondo<\/em><em>. <\/em><em>Capitulo<\/em><em> 2<\/em>\u201d, en la Alquer\u00eda de los Artistas. 2008.<\/li>\n<li>Residencia en Centro de creaci\u00f3n AZALA, \u00c1lava (2015). Trabajo de investigaci\u00f3n: <em>El cuerpo como veh\u00edculo de subjetividades<\/em><\/li>\n<li>Residencia en Centro de creaci\u00f3n AZALA, \u00c1lava (2016). Trabajo de investigaci\u00f3n: <em>El cuerpo como veh\u00edculo de subjetividades<\/em><\/li>\n<\/ul>\n<p><em>\u00a0<\/em>Otros proyectos que ha llevado a cabo en su trayectoria profesional:<\/p>\n<ul>\n<li>Coordinaci\u00f3n art\u00edstica del Festival <em>Intemperies<\/em><em>. <\/em><em>Creaciones<\/em> <em>ef\u00edmeras<\/em> <em>a<\/em> <em>cielo<\/em> <em>descubierto<\/em>. AVED. Valencia,<\/li>\n<li>Coordinadora del laboratorio de espectadores <em>Reflexiones<\/em> <em>y<\/em> <em>balidos<\/em> junto a Vicente Arlandis y Marc Mart\u00ednez. Festival Veo. Valencia,<\/li>\n<\/ul>\n<p>En la actualidad, est\u00e1 implicada en procesos de aprendizaje, investigaci\u00f3n y creaci\u00f3n sobre el cuerpo y su relaci\u00f3n con el entorno. Compagina su labor como docente con sus propios proyectos y el acompa\u00f1amiento de procesos de creaci\u00f3n de otros artistas y core\u00f3grafos.<\/p>\n<p>Forma parte del equipo de coordinaci\u00f3n de <strong><em>Radicantes<\/em><\/strong><strong><em>. <\/em><\/strong><strong><em>Danza<\/em><\/strong> <strong><em>y<\/em><\/strong> <strong><em>otras<\/em><\/strong> <strong><em>especies<\/em><\/strong><strong>,<\/strong> ciclo de danza, pr\u00e1ctica, experimentaci\u00f3n y pensamiento en el museo <strong>(<\/strong><strong>IVAM<\/strong><strong>).<\/strong><\/p>\n<p>Dirige y coreograf\u00eda las <strong>visitas<\/strong> <strong>guiadas<\/strong> <strong>desde<\/strong> <strong>la<\/strong> <strong>danza<\/strong> en el <strong>Centre<\/strong> <strong>d\u2019Art<\/strong> <strong>Bombas<\/strong> <strong>Gens<\/strong> desde su inauguraci\u00f3n en junio del 2017.<\/p>\n","protected":false},"excerpt":{"rendered":"<p>CONTACT IMPROVISACI\u00d3N &#8211; TALLER INTENSIVO \/ INTENSIVE WORKSHOP 10 &amp; 11 FEBRERO, de 10 a 14 h. Roc\u00edo P\u00e9rez Hern\u00e1ndez, bailarina, core\u00f3grafa y profesora titular del Conservatorio Profesional de Danza de Valencia. Licenciada en Coreograf\u00eda por el Conservatorio Superior de &hellip; <a href=\"http:\/\/ebcd.es\/?page_id=1166\">Sigue leyendo <span class=\"meta-nav\">&rarr;<\/span><\/a><\/p>\n","protected":false},"author":2,"featured_media":0,"parent":1353,"menu_order":0,"comment_status":"closed","ping_status":"closed","template":"","meta":{"footnotes":""},"_links":{"self":[{"href":"http:\/\/ebcd.es\/index.php?rest_route=\/wp\/v2\/pages\/1166"}],"collection":[{"href":"http:\/\/ebcd.es\/index.php?rest_route=\/wp\/v2\/pages"}],"about":[{"href":"http:\/\/ebcd.es\/index.php?rest_route=\/wp\/v2\/types\/page"}],"author":[{"embeddable":true,"href":"http:\/\/ebcd.es\/index.php?rest_route=\/wp\/v2\/users\/2"}],"replies":[{"embeddable":true,"href":"http:\/\/ebcd.es\/index.php?rest_route=%2Fwp%2Fv2%2Fcomments&post=1166"}],"version-history":[{"count":3,"href":"http:\/\/ebcd.es\/index.php?rest_route=\/wp\/v2\/pages\/1166\/revisions"}],"predecessor-version":[{"id":1622,"href":"http:\/\/ebcd.es\/index.php?rest_route=\/wp\/v2\/pages\/1166\/revisions\/1622"}],"up":[{"embeddable":true,"href":"http:\/\/ebcd.es\/index.php?rest_route=\/wp\/v2\/pages\/1353"}],"wp:attachment":[{"href":"http:\/\/ebcd.es\/index.php?rest_route=%2Fwp%2Fv2%2Fmedia&parent=1166"}],"curies":[{"name":"wp","href":"https:\/\/api.w.org\/{rel}","templated":true}]}}

Rocío Pérez &#8211; CONTACT

<p><strong>CONTACT IMPROVISACIÓN &#8211; TALLER INTENSIVO / <span style="color: #0000ff;">INTENSIVE WORKSHOP</span></strong></p>
<p><strong>10 &amp; 11 FEBRERO, de 10 a 14 h.</strong></p>
<p><strong>Rocío</strong> <strong>Pérez</strong> <strong>Hernández,</strong> bailarina, coreógrafa y profesora titular del Conservatorio Profesional de Danza de Valencia. Licenciada en Coreografía por el Conservatorio Superior de Danza de Valencia (CSDV) y Diplomada en Danza Clásica por la Escuela Superior de Arte Dramático y Danza de Valencia (CPDV).</p>
<p>Aunque se inicia en la danza con una formación académica clásica su interés por la experimentación y la improvisación le acerca, en su formación, a la práctica de formas contemporáneas y a otras disciplinas de cuerpo (Danza posmoderna, Nueva danza, Contact-improvisation, Movimiento auténtico, Body-weather, Composición a tiempo real (CTR), kung-fu, yoga…).</p>
<p>Desarrolla su trabajo como intérprete en Valencia y Barcelona en el seno de diferentes compañías y proyectos artísticos. Pronto, se sitúa también del otro lado de la escena y comienza a sumar experiencias acompañando a directores/as y coreógrafas de la escena contemporánea como ayudante de dirección y asesora de movimiento escénico: Carmen Portaceli, Ximo Flores (Teatro Manantiales), Cristina Andreu (La sonrisa de Caín), Ángela Verdugo…</p>
<p>Su interés por la creación, la investigación y la experimentación le lleva a crear su propia estructura, <strong><em>Cel</em></strong> <strong><em>Ras</em></strong> (2003-2011) con la que desarrollará sus proyectos artísticos, siempre con un enfoque interdisciplinar y transdisciplinar (<em>Sally</em> <em>Sinpiernas</em><em>. </em><em>Malabarista</em> <em>de</em> <em>ilusiones,</em> <em>Deslunados,</em> <em>Ten</em> <em>Tides</em> (co-producción del Festival VEO), <em>Terrain</em> <em>Vague,</em> <em>Envasado</em> <em>al</em> <em>vacío,</em> <em>La</em> <em>estamos</em> <em>perdiendo,</em> <em>Ruido</em> <em>de</em> <em>fondo</em><em>. </em><em>Capítulo</em> <em>I,</em> <em>Ruido</em> <em>de</em> <em>fondo</em><em>. </em><em>Capítulo</em><em> 2 </em>(video danza-instalación), <em>Ruido</em> <em>de</em> <em>fondo</em><em>. </em><em>La</em> <em>vida</em> <em>de</em> <em>los</em> <em>monstruos</em><em>.</em></p>
<p><strong>Becas</strong> <strong>y</strong> <strong>Residencias</strong>.</p>
<ul>
<li>Beca Asociación IRIS (Asociación Sur-europea para la Creación Contemporánea). Programa Iris’ Mobility Bourse para asistir como coreógrafa invitada al Festival Dansem de Marsella,</li>
<li>Residencia Centro de Creación La Caldera. Proyecto: <em>Deslunados</em>. Barcelona</li>
<li>Residencia en el Centro de Creación L´Animal a L´Esquena. Proyecto: <em>Deslunados</em>. Girona</li>
<li>Beca Fundación Inspirarte. Residencia para la creación del videodanza <em>Ruido</em> <em>de</em> <em>fondo</em><em>. </em><em>Capitulo</em><em> 2</em>”, en la Alquería de los Artistas. 2008.</li>
<li>Residencia en Centro de creación AZALA, Álava (2015). Trabajo de investigación: <em>El cuerpo como vehículo de subjetividades</em></li>
<li>Residencia en Centro de creación AZALA, Álava (2016). Trabajo de investigación: <em>El cuerpo como vehículo de subjetividades</em></li>
</ul>
<p><em> </em>Otros proyectos que ha llevado a cabo en su trayectoria profesional:</p>
<ul>
<li>Coordinación artística del Festival <em>Intemperies</em><em>. </em><em>Creaciones</em> <em>efímeras</em> <em>a</em> <em>cielo</em> <em>descubierto</em>. AVED. Valencia,</li>
<li>Coordinadora del laboratorio de espectadores <em>Reflexiones</em> <em>y</em> <em>balidos</em> junto a Vicente Arlandis y Marc Martínez. Festival Veo. Valencia,</li>
</ul>
<p>En la actualidad, está implicada en procesos de aprendizaje, investigación y creación sobre el cuerpo y su relación con el entorno. Compagina su labor como docente con sus propios proyectos y el acompañamiento de procesos de creación de otros artistas y coreógrafos.</p>
<p>Forma parte del equipo de coordinación de <strong><em>Radicantes</em></strong><strong><em>. </em></strong><strong><em>Danza</em></strong> <strong><em>y</em></strong> <strong><em>otras</em></strong> <strong><em>especies</em></strong><strong>,</strong> ciclo de danza, práctica, experimentación y pensamiento en el museo <strong>(</strong><strong>IVAM</strong><strong>).</strong></p>
<p>Dirige y coreografía las <strong>visitas</strong> <strong>guiadas</strong> <strong>desde</strong> <strong>la</strong> <strong>danza</strong> en el <strong>Centre</strong> <strong>d’Art</strong> <strong>Bombas</strong> <strong>Gens</strong> desde su inauguración en junio del 2017.</p>

<p>CONTACT IMPROVISACIÓN &#8211; TALLER INTENSIVO / INTENSIVE WORKSHOP 10 &amp; 11 FEBRERO, de 10 a 14 h. Rocío Pérez Hernández, bailarina, coreógrafa y profesora titular del Conservatorio Profesional de Danza de Valencia. Licenciada en Coreografía por el Conservatorio Superior de &hellip; <a href="http://ebcd.es/?page_id=1166">Sigue leyendo <span class="meta-nav">&rarr;</span></a></p>
